{"id":1248,"date":"2012-12-22T00:52:29","date_gmt":"2012-12-21T23:52:29","guid":{"rendered":"http:\/\/truckle.in-chemnitz.de\/wordpress\/?page_id=1248"},"modified":"2012-12-26T23:19:35","modified_gmt":"2012-12-26T22:19:35","slug":"alpen-2009-02-aachensee","status":"publish","type":"page","link":"https:\/\/truckle.in-chemnitz.de\/wordpress\/radtouren\/alpen-2009\/alpen-2009-02-aachensee\/","title":{"rendered":"Alpen 2009 &#8211; 02 &#8211; Aachensee"},"content":{"rendered":"<p>Freising bis Ramsau im Zillertal &#8211; 197km, gesamt 324km<\/p>\n<p>Beim Fr\u00fchst\u00fcck schwatzte ich mit einem \u00e4lteren Ehepaar aus der Schweiz, die mit dem Rad Inntal-abw\u00e4rts geradelt waren, in Passau den Zug verpasst hatten und jetzt irgendwie in Freising an der Isar gelandet waren.<\/p>\n<p>Ich bin kurz nach Acht los und weiter \u00fcber gute Schotterwege rechts der Isar Richtung M\u00fcnchen gestrampelt. Ein eiliger Zeitgenosse auf einem Mountainbike \u00fcberholte mich, um dann nachzulassen und wieder \u00fcberholt zu werden. An einem Abzweig bin ich zun\u00e4chst geradeaus durchgerauscht, was mein &#8222;Kontrahent&#8220; nat\u00fcrlich nutzte, um sich wieder vor mir einzuordnen. Kurz darauf habe ich ihn wieder \u00fcberholt und angequasselt, er war aber schwer am Schnaufen und Schwitzen und lies dann auch abrei\u00dfen.<\/p>\n<p>Eingangs M\u00fcnchen bin ich durch den Englischen Garten gefahren, was zum Teil zu einem Slalom um die vielen Jogger wurde. Weiter ging es durch das Zentrum, immer an der Isar lang und recht einfach zu finden. Ausgangs M\u00fcnchen war &#8222;mein&#8220; Mountainbiker auf einmal wieder vor mir &#8212; wir sind dann zusammen etwas langsamer weiter geradelt und haben dabei \u00fcber unsere bisherigen Touren geschwatzt.<\/p>\n<p>S\u00fcdlich von M\u00fcnchen erstrecken sich die Isar-Auen. Hier sind wohl vor allem Mountainbiker unterwegs, die Wege sind teilweise zerfahren und haben viele kurze und starke Anstiege und Abfahrten. Bei Gr\u00fcnwald bin ich zusammen mit einigen anderen Radlern \u00fcber die Br\u00fccke und dann links weg, am Ufer lang. Der Weg wurde immer schmaler und endete scheinbar vor einem steilen Hang. Wir sind dann \u00fcber eine sehr schlechte Wegstrecke mit grobem Kies, teilweise auch schiebend, weiter immer den Wanderwegweisern Richtung Kloster Sch\u00e4ftlarn nach. Ein Trampelpfad brachte uns in ein Seitental, dort steil hoch (Schiebstrecke) wieder auf einen vern\u00fcnftigen Weg.<\/p>\n<figure id=\"attachment_1249\" aria-describedby=\"caption-attachment-1249\" style=\"width: 600px\" class=\"wp-caption aligncenter\"><a href=\"http:\/\/truckle.in-chemnitz.de\/wordpress\/wp-content\/uploads\/2012\/12\/imgp4391.jpg\"><img loading=\"lazy\" decoding=\"async\" src=\"http:\/\/truckle.in-chemnitz.de\/wordpress\/wp-content\/uploads\/2012\/12\/imgp4391-600x450.jpg\" alt=\"Trampelpfad zwischen Pullach und Sch\u00e4ftlarn\" width=\"600\" height=\"450\" class=\"size-large wp-image-1249\" srcset=\"https:\/\/truckle.in-chemnitz.de\/wordpress\/wp-content\/uploads\/2012\/12\/imgp4391-600x450.jpg 600w, https:\/\/truckle.in-chemnitz.de\/wordpress\/wp-content\/uploads\/2012\/12\/imgp4391-270x202.jpg 270w, https:\/\/truckle.in-chemnitz.de\/wordpress\/wp-content\/uploads\/2012\/12\/imgp4391-624x468.jpg 624w, https:\/\/truckle.in-chemnitz.de\/wordpress\/wp-content\/uploads\/2012\/12\/imgp4391.jpg 2048w\" sizes=\"auto, (max-width: 600px) 100vw, 600px\" \/><\/a><figcaption id=\"caption-attachment-1249\" class=\"wp-caption-text\">Trampelpfad zwischen Pullach und Sch\u00e4ftlarn<\/figcaption><\/figure>\n<p>Am Kloster Sch\u00e4ftlarn trennten sich unsere Wege, mein Mitradler wollte die Ausstellung &#8222;Gartenlust&#8220; besuchen.<\/p>\n<figure id=\"attachment_1250\" aria-describedby=\"caption-attachment-1250\" style=\"width: 600px\" class=\"wp-caption aligncenter\"><a href=\"http:\/\/truckle.in-chemnitz.de\/wordpress\/wp-content\/uploads\/2012\/12\/imgp4392.jpg\"><img loading=\"lazy\" decoding=\"async\" src=\"http:\/\/truckle.in-chemnitz.de\/wordpress\/wp-content\/uploads\/2012\/12\/imgp4392-600x450.jpg\" alt=\"Kloster Sch\u00e4ftlarn\" width=\"600\" height=\"450\" class=\"size-large wp-image-1250\" srcset=\"https:\/\/truckle.in-chemnitz.de\/wordpress\/wp-content\/uploads\/2012\/12\/imgp4392-600x450.jpg 600w, https:\/\/truckle.in-chemnitz.de\/wordpress\/wp-content\/uploads\/2012\/12\/imgp4392-270x202.jpg 270w, https:\/\/truckle.in-chemnitz.de\/wordpress\/wp-content\/uploads\/2012\/12\/imgp4392-624x468.jpg 624w, https:\/\/truckle.in-chemnitz.de\/wordpress\/wp-content\/uploads\/2012\/12\/imgp4392.jpg 2048w\" sizes=\"auto, (max-width: 600px) 100vw, 600px\" \/><\/a><figcaption id=\"caption-attachment-1250\" class=\"wp-caption-text\">Kloster Sch\u00e4ftlarn<\/figcaption><\/figure>\n<p>Ich bin dann \u00fcber die Isar und auf einen Weg zwischen dem Flu\u00df und einem parallel laufenden Kanal eingebogen. Auf dem Kanal kamen mir einige Fl\u00f6\u00dfe voller feucht-fr\u00f6hlich feiernder Bayern entgegen. Eigenwilliges Volk.<\/p>\n<figure id=\"attachment_1251\" aria-describedby=\"caption-attachment-1251\" style=\"width: 600px\" class=\"wp-caption aligncenter\"><a href=\"http:\/\/truckle.in-chemnitz.de\/wordpress\/wp-content\/uploads\/2012\/12\/imgp4393.jpg\"><img loading=\"lazy\" decoding=\"async\" src=\"http:\/\/truckle.in-chemnitz.de\/wordpress\/wp-content\/uploads\/2012\/12\/imgp4393-600x450.jpg\" alt=\"Bier-Flo\u00df\" width=\"600\" height=\"450\" class=\"size-large wp-image-1251\" srcset=\"https:\/\/truckle.in-chemnitz.de\/wordpress\/wp-content\/uploads\/2012\/12\/imgp4393-600x450.jpg 600w, https:\/\/truckle.in-chemnitz.de\/wordpress\/wp-content\/uploads\/2012\/12\/imgp4393-270x202.jpg 270w, https:\/\/truckle.in-chemnitz.de\/wordpress\/wp-content\/uploads\/2012\/12\/imgp4393-624x468.jpg 624w, https:\/\/truckle.in-chemnitz.de\/wordpress\/wp-content\/uploads\/2012\/12\/imgp4393.jpg 2048w\" sizes=\"auto, (max-width: 600px) 100vw, 600px\" \/><\/a><figcaption id=\"caption-attachment-1251\" class=\"wp-caption-text\">Bier-Flo\u00df<\/figcaption><\/figure>\n<p>Mittlerweile war es deutlich w\u00e4rmer geworden, die Beinlinge konnten runter, die Jacke aus. Bei Wolfratshausen habe ich eine Weile nach dem Radweg gesucht, bis ich dann herausgefunden habe, dass man entgegen der Zielrichtung rechts abbiegen muss, um dann in einer Schleife unter der Stra\u00dfe durch doch noch in s\u00fcdliche Richtung zu gelangen.<\/p>\n<figure id=\"attachment_1252\" aria-describedby=\"caption-attachment-1252\" style=\"width: 600px\" class=\"wp-caption aligncenter\"><a href=\"http:\/\/truckle.in-chemnitz.de\/wordpress\/wp-content\/uploads\/2012\/12\/imgp4394.jpg\"><img loading=\"lazy\" decoding=\"async\" src=\"http:\/\/truckle.in-chemnitz.de\/wordpress\/wp-content\/uploads\/2012\/12\/imgp4394-600x450.jpg\" alt=\"Hoch \u00fcber der Isar s\u00fcdlich Geretsried\" width=\"600\" height=\"450\" class=\"size-large wp-image-1252\" srcset=\"https:\/\/truckle.in-chemnitz.de\/wordpress\/wp-content\/uploads\/2012\/12\/imgp4394-600x450.jpg 600w, https:\/\/truckle.in-chemnitz.de\/wordpress\/wp-content\/uploads\/2012\/12\/imgp4394-270x202.jpg 270w, https:\/\/truckle.in-chemnitz.de\/wordpress\/wp-content\/uploads\/2012\/12\/imgp4394-624x468.jpg 624w, https:\/\/truckle.in-chemnitz.de\/wordpress\/wp-content\/uploads\/2012\/12\/imgp4394.jpg 2048w\" sizes=\"auto, (max-width: 600px) 100vw, 600px\" \/><\/a><figcaption id=\"caption-attachment-1252\" class=\"wp-caption-text\">Hoch \u00fcber der Isar s\u00fcdlich Geretsried<\/figcaption><\/figure>\n<p>Eine wundersch\u00f6ne Landschaft mit Flu\u00dfauen und Kiesb\u00e4nken s\u00e4umte meinen weiteren Weg bis Geretsried. Dort habe ich in einem italienischen Biergarten direkt am Tennisplatz leckere Makkaroni mit Pfifferlingen verdr\u00fcckt. Ein aus der Schweiz stammender Mountainbiker am Nachbartisch erz\u00e4hlte, die weitere Wegstrecke w\u00e4re ziemlich schlecht. Das sollte sich als zutreffend erweisen, es ging erstmal auf grobem, rolligen Kies weiter und dabei auch noch teils recht steil aus dem Isartal heraus. Kurz vor K\u00f6nigsdorf kommt man auf ein asphaltiertes Str\u00e4\u00dfchen, dass einen nach Rothm\u00fchle und damit wieder runter an den Flu\u00df bringt.<\/p>\n<figure id=\"attachment_1253\" aria-describedby=\"caption-attachment-1253\" style=\"width: 600px\" class=\"wp-caption aligncenter\"><a href=\"http:\/\/truckle.in-chemnitz.de\/wordpress\/wp-content\/uploads\/2012\/12\/imgp4396.jpg\"><img loading=\"lazy\" decoding=\"async\" src=\"http:\/\/truckle.in-chemnitz.de\/wordpress\/wp-content\/uploads\/2012\/12\/imgp4396-600x450.jpg\" alt=\"Isarauen\" width=\"600\" height=\"450\" class=\"size-large wp-image-1253\" srcset=\"https:\/\/truckle.in-chemnitz.de\/wordpress\/wp-content\/uploads\/2012\/12\/imgp4396-600x450.jpg 600w, https:\/\/truckle.in-chemnitz.de\/wordpress\/wp-content\/uploads\/2012\/12\/imgp4396-270x202.jpg 270w, https:\/\/truckle.in-chemnitz.de\/wordpress\/wp-content\/uploads\/2012\/12\/imgp4396-624x468.jpg 624w, https:\/\/truckle.in-chemnitz.de\/wordpress\/wp-content\/uploads\/2012\/12\/imgp4396.jpg 2048w\" sizes=\"auto, (max-width: 600px) 100vw, 600px\" \/><\/a><figcaption id=\"caption-attachment-1253\" class=\"wp-caption-text\">Isarauen<\/figcaption><\/figure>\n<p>\u00dcber zwei weitere H\u00fcgel bei Rothenbrunn und Fischbach gelangte ich nach Bad T\u00f6lz. Ab dort folgt der Radweg Richtung Lenggries wieder der Isar, die hier viele Kiesb\u00e4nke bildet. Viele Leute, Jogger, Spazierg\u00e4nger und Radfahrer nutzten das sch\u00f6ne Wetter.<\/p>\n<figure id=\"attachment_1254\" aria-describedby=\"caption-attachment-1254\" style=\"width: 600px\" class=\"wp-caption aligncenter\"><a href=\"http:\/\/truckle.in-chemnitz.de\/wordpress\/wp-content\/uploads\/2012\/12\/imgp4398.jpg\"><img loading=\"lazy\" decoding=\"async\" src=\"http:\/\/truckle.in-chemnitz.de\/wordpress\/wp-content\/uploads\/2012\/12\/imgp4398-600x450.jpg\" alt=\"Bad T\u00f6lz\" width=\"600\" height=\"450\" class=\"size-large wp-image-1254\" srcset=\"https:\/\/truckle.in-chemnitz.de\/wordpress\/wp-content\/uploads\/2012\/12\/imgp4398-600x450.jpg 600w, https:\/\/truckle.in-chemnitz.de\/wordpress\/wp-content\/uploads\/2012\/12\/imgp4398-270x202.jpg 270w, https:\/\/truckle.in-chemnitz.de\/wordpress\/wp-content\/uploads\/2012\/12\/imgp4398-624x468.jpg 624w, https:\/\/truckle.in-chemnitz.de\/wordpress\/wp-content\/uploads\/2012\/12\/imgp4398.jpg 2048w\" sizes=\"auto, (max-width: 600px) 100vw, 600px\" \/><\/a><figcaption id=\"caption-attachment-1254\" class=\"wp-caption-text\">Bad T\u00f6lz<\/figcaption><\/figure>\n<figure id=\"attachment_1255\" aria-describedby=\"caption-attachment-1255\" style=\"width: 600px\" class=\"wp-caption aligncenter\"><a href=\"http:\/\/truckle.in-chemnitz.de\/wordpress\/wp-content\/uploads\/2012\/12\/imgp4399.jpg\"><img loading=\"lazy\" decoding=\"async\" src=\"http:\/\/truckle.in-chemnitz.de\/wordpress\/wp-content\/uploads\/2012\/12\/imgp4399-600x450.jpg\" alt=\"Isar zwischen T\u00f6lz und Lenggries\" width=\"600\" height=\"450\" class=\"size-large wp-image-1255\" srcset=\"https:\/\/truckle.in-chemnitz.de\/wordpress\/wp-content\/uploads\/2012\/12\/imgp4399-600x450.jpg 600w, https:\/\/truckle.in-chemnitz.de\/wordpress\/wp-content\/uploads\/2012\/12\/imgp4399-270x202.jpg 270w, https:\/\/truckle.in-chemnitz.de\/wordpress\/wp-content\/uploads\/2012\/12\/imgp4399-624x468.jpg 624w, https:\/\/truckle.in-chemnitz.de\/wordpress\/wp-content\/uploads\/2012\/12\/imgp4399.jpg 2048w\" sizes=\"auto, (max-width: 600px) 100vw, 600px\" \/><\/a><figcaption id=\"caption-attachment-1255\" class=\"wp-caption-text\">Isar zwischen T\u00f6lz und Lenggries<\/figcaption><\/figure>\n<p>Die letzten drei Kilometer bis hoch zum Sylvenstein-Stausee wechselt der Radweg auf die andere Talseite. Oben f\u00fchrt er durch einen kleinen, gut ausgebauten und sogar beleuchteten Tunnel zur Krone der Staumauer.<\/p>\n<figure id=\"attachment_1256\" aria-describedby=\"caption-attachment-1256\" style=\"width: 600px\" class=\"wp-caption aligncenter\"><a href=\"http:\/\/truckle.in-chemnitz.de\/wordpress\/wp-content\/uploads\/2012\/12\/imgp4400.jpg\"><img loading=\"lazy\" decoding=\"async\" src=\"http:\/\/truckle.in-chemnitz.de\/wordpress\/wp-content\/uploads\/2012\/12\/imgp4400-600x450.jpg\" alt=\"Blick zur\u00fcck ins Isartal\" width=\"600\" height=\"450\" class=\"size-large wp-image-1256\" srcset=\"https:\/\/truckle.in-chemnitz.de\/wordpress\/wp-content\/uploads\/2012\/12\/imgp4400-600x450.jpg 600w, https:\/\/truckle.in-chemnitz.de\/wordpress\/wp-content\/uploads\/2012\/12\/imgp4400-270x202.jpg 270w, https:\/\/truckle.in-chemnitz.de\/wordpress\/wp-content\/uploads\/2012\/12\/imgp4400-624x468.jpg 624w, https:\/\/truckle.in-chemnitz.de\/wordpress\/wp-content\/uploads\/2012\/12\/imgp4400.jpg 2048w\" sizes=\"auto, (max-width: 600px) 100vw, 600px\" \/><\/a><figcaption id=\"caption-attachment-1256\" class=\"wp-caption-text\">Blick zur\u00fcck ins Isartal<\/figcaption><\/figure>\n<figure id=\"attachment_1257\" aria-describedby=\"caption-attachment-1257\" style=\"width: 600px\" class=\"wp-caption aligncenter\"><a href=\"http:\/\/truckle.in-chemnitz.de\/wordpress\/wp-content\/uploads\/2012\/12\/imgp4401.jpg\"><img loading=\"lazy\" decoding=\"async\" src=\"http:\/\/truckle.in-chemnitz.de\/wordpress\/wp-content\/uploads\/2012\/12\/imgp4401-600x450.jpg\" alt=\"Radweg-Tunnel am Sylvenstein-Stausee\" width=\"600\" height=\"450\" class=\"size-large wp-image-1257\" srcset=\"https:\/\/truckle.in-chemnitz.de\/wordpress\/wp-content\/uploads\/2012\/12\/imgp4401-600x450.jpg 600w, https:\/\/truckle.in-chemnitz.de\/wordpress\/wp-content\/uploads\/2012\/12\/imgp4401-270x202.jpg 270w, https:\/\/truckle.in-chemnitz.de\/wordpress\/wp-content\/uploads\/2012\/12\/imgp4401-624x468.jpg 624w, https:\/\/truckle.in-chemnitz.de\/wordpress\/wp-content\/uploads\/2012\/12\/imgp4401.jpg 2048w\" sizes=\"auto, (max-width: 600px) 100vw, 600px\" \/><\/a><figcaption id=\"caption-attachment-1257\" class=\"wp-caption-text\">Radweg-Tunnel am Sylvenstein-Stausee<\/figcaption><\/figure>\n<p>Weiter ging es auf der viel befahrenen Stra\u00dfe links um den Stausee herum. Kurz vor dem Aachenpass lockte ein Rad-Wegweiser von der Stra\u00dfe hinunter. Der Radweg erwies sich leider als Verarsche, es ging nur kurz am Flu\u00df lang und dann gleich wieder sausteil hoch zur Stra\u00dfe. Eine weitere Radweg-Verarsche erwischte mich s\u00fcdlich Aachenwald. Erst ging es sausteil bergauf, um dann gleich wieder runter zur Stra\u00dfe zu f\u00fchren. Statt 3km auf leicht ansteigender Asphaltstra\u00dfe handelte ich mir so 5km Qu\u00e4lerei auf schlechter Schotterpiste ein. Man hat den Eindruck, die Radwege sind dort nur dazu da, dass die Autofahrer nicht durch Radler gest\u00f6rt werden und schneller rasen k\u00f6nnen.<\/p>\n<figure id=\"attachment_1258\" aria-describedby=\"caption-attachment-1258\" style=\"width: 600px\" class=\"wp-caption aligncenter\"><a href=\"http:\/\/truckle.in-chemnitz.de\/wordpress\/wp-content\/uploads\/2012\/12\/imgp4402.jpg\"><img loading=\"lazy\" decoding=\"async\" src=\"http:\/\/truckle.in-chemnitz.de\/wordpress\/wp-content\/uploads\/2012\/12\/imgp4402-600x450.jpg\" alt=\"Radweg am Aachenpass\" width=\"600\" height=\"450\" class=\"size-large wp-image-1258\" srcset=\"https:\/\/truckle.in-chemnitz.de\/wordpress\/wp-content\/uploads\/2012\/12\/imgp4402-600x450.jpg 600w, https:\/\/truckle.in-chemnitz.de\/wordpress\/wp-content\/uploads\/2012\/12\/imgp4402-270x202.jpg 270w, https:\/\/truckle.in-chemnitz.de\/wordpress\/wp-content\/uploads\/2012\/12\/imgp4402-624x468.jpg 624w, https:\/\/truckle.in-chemnitz.de\/wordpress\/wp-content\/uploads\/2012\/12\/imgp4402.jpg 2048w\" sizes=\"auto, (max-width: 600px) 100vw, 600px\" \/><\/a><figcaption id=\"caption-attachment-1258\" class=\"wp-caption-text\">Radweg am Aachenpass<\/figcaption><\/figure>\n<p>Ab Aachenkirch fuhr ich auf der Dorfstra\u00dfe bis Aachensee. Am See legte ich erstmal eine Pause ein und verspeiste den restlichen Kuchen vom Vortag. Ein sch\u00f6n angelegter Fu\u00df- und Radweg f\u00fchrt um den See herum. Angelockt vom stetigen Wind waren auf dem Wasser viele Surfer unterwegs.<\/p>\n<p><figure id=\"attachment_1259\" aria-describedby=\"caption-attachment-1259\" style=\"width: 600px\" class=\"wp-caption aligncenter\"><a href=\"http:\/\/truckle.in-chemnitz.de\/wordpress\/wp-content\/uploads\/2012\/12\/imgp4404.jpg\"><img loading=\"lazy\" decoding=\"async\" src=\"http:\/\/truckle.in-chemnitz.de\/wordpress\/wp-content\/uploads\/2012\/12\/imgp4404-600x450.jpg\" alt=\"Aachensee\" width=\"600\" height=\"450\" class=\"size-large wp-image-1259\" srcset=\"https:\/\/truckle.in-chemnitz.de\/wordpress\/wp-content\/uploads\/2012\/12\/imgp4404-600x450.jpg 600w, https:\/\/truckle.in-chemnitz.de\/wordpress\/wp-content\/uploads\/2012\/12\/imgp4404-270x202.jpg 270w, https:\/\/truckle.in-chemnitz.de\/wordpress\/wp-content\/uploads\/2012\/12\/imgp4404-624x468.jpg 624w, https:\/\/truckle.in-chemnitz.de\/wordpress\/wp-content\/uploads\/2012\/12\/imgp4404.jpg 2048w\" sizes=\"auto, (max-width: 600px) 100vw, 600px\" \/><\/a><figcaption id=\"caption-attachment-1259\" class=\"wp-caption-text\">Aachensee<\/figcaption><\/figure><br \/>\n<figure id=\"attachment_1260\" aria-describedby=\"caption-attachment-1260\" style=\"width: 600px\" class=\"wp-caption aligncenter\"><a href=\"http:\/\/truckle.in-chemnitz.de\/wordpress\/wp-content\/uploads\/2012\/12\/imgp4405.jpg\"><img loading=\"lazy\" decoding=\"async\" src=\"http:\/\/truckle.in-chemnitz.de\/wordpress\/wp-content\/uploads\/2012\/12\/imgp4405-600x450.jpg\" alt=\"Aachensee-Ufer\" width=\"600\" height=\"450\" class=\"size-large wp-image-1260\" srcset=\"https:\/\/truckle.in-chemnitz.de\/wordpress\/wp-content\/uploads\/2012\/12\/imgp4405-600x450.jpg 600w, https:\/\/truckle.in-chemnitz.de\/wordpress\/wp-content\/uploads\/2012\/12\/imgp4405-270x202.jpg 270w, https:\/\/truckle.in-chemnitz.de\/wordpress\/wp-content\/uploads\/2012\/12\/imgp4405-624x468.jpg 624w, https:\/\/truckle.in-chemnitz.de\/wordpress\/wp-content\/uploads\/2012\/12\/imgp4405.jpg 2048w\" sizes=\"auto, (max-width: 600px) 100vw, 600px\" \/><\/a><figcaption id=\"caption-attachment-1260\" class=\"wp-caption-text\">Aachensee-Ufer<\/figcaption><\/figure><br \/>\n<figure id=\"attachment_1261\" aria-describedby=\"caption-attachment-1261\" style=\"width: 600px\" class=\"wp-caption aligncenter\"><a href=\"http:\/\/truckle.in-chemnitz.de\/wordpress\/wp-content\/uploads\/2012\/12\/imgp4406.jpg\"><img loading=\"lazy\" decoding=\"async\" src=\"http:\/\/truckle.in-chemnitz.de\/wordpress\/wp-content\/uploads\/2012\/12\/imgp4406-600x450.jpg\" alt=\"Spitzen-Radweg am Aachensee\" width=\"600\" height=\"450\" class=\"size-large wp-image-1261\" srcset=\"https:\/\/truckle.in-chemnitz.de\/wordpress\/wp-content\/uploads\/2012\/12\/imgp4406-600x450.jpg 600w, https:\/\/truckle.in-chemnitz.de\/wordpress\/wp-content\/uploads\/2012\/12\/imgp4406-270x202.jpg 270w, https:\/\/truckle.in-chemnitz.de\/wordpress\/wp-content\/uploads\/2012\/12\/imgp4406-624x468.jpg 624w, https:\/\/truckle.in-chemnitz.de\/wordpress\/wp-content\/uploads\/2012\/12\/imgp4406.jpg 2048w\" sizes=\"auto, (max-width: 600px) 100vw, 600px\" \/><\/a><figcaption id=\"caption-attachment-1261\" class=\"wp-caption-text\">Spitzen-Radweg am Aachensee<\/figcaption><\/figure><\/p>\n<p>Bei Maurach quert die Stra\u00dfe eine Schmalspurbahn und es kam gerade eine Lok angedampft.<\/p>\n<figure id=\"attachment_1262\" aria-describedby=\"caption-attachment-1262\" style=\"width: 600px\" class=\"wp-caption aligncenter\"><a href=\"http:\/\/truckle.in-chemnitz.de\/wordpress\/wp-content\/uploads\/2012\/12\/imgp4408.jpg\"><img loading=\"lazy\" decoding=\"async\" src=\"http:\/\/truckle.in-chemnitz.de\/wordpress\/wp-content\/uploads\/2012\/12\/imgp4408-600x450.jpg\" alt=\"Dampflok bei Maurach\" width=\"600\" height=\"450\" class=\"size-large wp-image-1262\" srcset=\"https:\/\/truckle.in-chemnitz.de\/wordpress\/wp-content\/uploads\/2012\/12\/imgp4408-600x450.jpg 600w, https:\/\/truckle.in-chemnitz.de\/wordpress\/wp-content\/uploads\/2012\/12\/imgp4408-270x202.jpg 270w, https:\/\/truckle.in-chemnitz.de\/wordpress\/wp-content\/uploads\/2012\/12\/imgp4408-624x468.jpg 624w, https:\/\/truckle.in-chemnitz.de\/wordpress\/wp-content\/uploads\/2012\/12\/imgp4408.jpg 2048w\" sizes=\"auto, (max-width: 600px) 100vw, 600px\" \/><\/a><figcaption id=\"caption-attachment-1262\" class=\"wp-caption-text\">Dampflok bei Maurach<\/figcaption><\/figure>\n<p>Eine endlos lange und steile Abfahrt bringt einen hinunter nach Jenbach. Ich musste die Schussfahrt kurz unterbrechen, weil mein Tacho nicht mehr funktionierte. Durch die hohe Fliehkraft war der Magnet auf der Speiche nach au\u00dfen gewandert. Ausgangs Jenbach bin ich \u00fcber eine Br\u00fccke, die den Inn und die Autobahn \u00fcberspannt. Eine kleine Stra\u00dfe am gegen\u00fcberliegenden Hang brachte mich nach Stra\u00df und damit zum Eingang ins Zillertal.<\/p>\n<figure id=\"attachment_1263\" aria-describedby=\"caption-attachment-1263\" style=\"width: 600px\" class=\"wp-caption aligncenter\"><a href=\"http:\/\/truckle.in-chemnitz.de\/wordpress\/wp-content\/uploads\/2012\/12\/imgp4409.jpg\"><img loading=\"lazy\" decoding=\"async\" src=\"http:\/\/truckle.in-chemnitz.de\/wordpress\/wp-content\/uploads\/2012\/12\/imgp4409-600x450.jpg\" alt=\"Zillertal\" width=\"600\" height=\"450\" class=\"size-large wp-image-1263\" srcset=\"https:\/\/truckle.in-chemnitz.de\/wordpress\/wp-content\/uploads\/2012\/12\/imgp4409-600x450.jpg 600w, https:\/\/truckle.in-chemnitz.de\/wordpress\/wp-content\/uploads\/2012\/12\/imgp4409-270x202.jpg 270w, https:\/\/truckle.in-chemnitz.de\/wordpress\/wp-content\/uploads\/2012\/12\/imgp4409-624x468.jpg 624w, https:\/\/truckle.in-chemnitz.de\/wordpress\/wp-content\/uploads\/2012\/12\/imgp4409.jpg 2048w\" sizes=\"auto, (max-width: 600px) 100vw, 600px\" \/><\/a><figcaption id=\"caption-attachment-1263\" class=\"wp-caption-text\">Zillertal<\/figcaption><\/figure>\n<p>\u00dcber Rad- bzw. Wirtschaftswege kommt man dort ganz entspannt den Bergen immer n\u00e4her. Irgendwo habe ich mal einen falschen Abzweig erwischt und musste zur Strafe ein St\u00fcck auf der vielbefahrenen B169 absolvieren. \u00dcber kleine Nebenstra\u00dfen bin ich dann weiter Richtung S\u00fcden gefahren und habe unterwegs nach einer Pension Ausschau gehalten. Zimmer werden dort \u00fcberall vermietet, ich war aber erst im vierten Anlauf erfolgreich. Das lag nicht etwa an \u00dcberbelegung, sondern wohl daran, dass im September dort kaum einer lang kommt und die Leute einfach nicht mit G\u00e4sten rechneten und gar nicht zu Hause waren.<\/p>\n<figure id=\"attachment_1264\" aria-describedby=\"caption-attachment-1264\" style=\"width: 600px\" class=\"wp-caption aligncenter\"><a href=\"http:\/\/truckle.in-chemnitz.de\/wordpress\/wp-content\/uploads\/2012\/12\/imgp4411.jpg\"><img loading=\"lazy\" decoding=\"async\" src=\"http:\/\/truckle.in-chemnitz.de\/wordpress\/wp-content\/uploads\/2012\/12\/imgp4411-600x450.jpg\" alt=\"Haus Matthias in Ramsau\" width=\"600\" height=\"450\" class=\"size-large wp-image-1264\" srcset=\"https:\/\/truckle.in-chemnitz.de\/wordpress\/wp-content\/uploads\/2012\/12\/imgp4411-600x450.jpg 600w, https:\/\/truckle.in-chemnitz.de\/wordpress\/wp-content\/uploads\/2012\/12\/imgp4411-270x202.jpg 270w, https:\/\/truckle.in-chemnitz.de\/wordpress\/wp-content\/uploads\/2012\/12\/imgp4411-624x468.jpg 624w, https:\/\/truckle.in-chemnitz.de\/wordpress\/wp-content\/uploads\/2012\/12\/imgp4411.jpg 2048w\" sizes=\"auto, (max-width: 600px) 100vw, 600px\" \/><\/a><figcaption id=\"caption-attachment-1264\" class=\"wp-caption-text\">Haus Matthias in Ramsau<\/figcaption><\/figure>\n<p>In Ramsau kam ich in einem sch\u00f6nen Privatquartier unter. Zum Essen bin ich dann ca. 1km zur\u00fcck gelaufen bis zum Hotel &#8222;Haus Theresia&#8220;. Kann man durchaus empfehlen.<\/p>\n<p><a href=\"http:\/\/truckle.in-chemnitz.de\/gps\/GPSDATA-20090906s_s-osm.html\">Karte<\/a><\/p>\n<figure id=\"attachment_1429\" aria-describedby=\"caption-attachment-1429\" style=\"width: 600px\" class=\"wp-caption aligncenter\"><a href=\"http:\/\/truckle.in-chemnitz.de\/wordpress\/wp-content\/uploads\/2012\/12\/GPSDATA-20090906s-profile.png\"><img loading=\"lazy\" decoding=\"async\" src=\"http:\/\/truckle.in-chemnitz.de\/wordpress\/wp-content\/uploads\/2012\/12\/GPSDATA-20090906s-profile-600x253.png\" alt=\"Profil\" width=\"600\" height=\"253\" class=\"size-large wp-image-1429\" srcset=\"https:\/\/truckle.in-chemnitz.de\/wordpress\/wp-content\/uploads\/2012\/12\/GPSDATA-20090906s-profile-600x253.png 600w, https:\/\/truckle.in-chemnitz.de\/wordpress\/wp-content\/uploads\/2012\/12\/GPSDATA-20090906s-profile-270x114.png 270w, https:\/\/truckle.in-chemnitz.de\/wordpress\/wp-content\/uploads\/2012\/12\/GPSDATA-20090906s-profile-624x263.png 624w, https:\/\/truckle.in-chemnitz.de\/wordpress\/wp-content\/uploads\/2012\/12\/GPSDATA-20090906s-profile.png 900w\" sizes=\"auto, (max-width: 600px) 100vw, 600px\" \/><\/a><figcaption id=\"caption-attachment-1429\" class=\"wp-caption-text\">Profil<\/figcaption><\/figure>\n<div style=\"float:left\"><a href=\"http:\/\/truckle.in-chemnitz.de\/wordpress\/radtouren\/alpen-2009\/alpen-2009-01-isar-bis-freising\/\" title=\"Alpen 2009 \u2013 01 \u2013 Isar bis Freising\">Zur\u00fcck<\/a><\/div>\n<div style=\"text-align: right\"><a href=\"http:\/\/truckle.in-chemnitz.de\/wordpress\/radtouren\/alpen-2009\/alpen-2009-03-pfitscherjoch\/\" title=\"Alpen 2009 \u2013 03 \u2013 Pfitscherjoch\">Weiter<\/a><\/div>\n","protected":false},"excerpt":{"rendered":"<p>Freising bis Ramsau im Zillertal &#8211; 197km, gesamt 324km Beim Fr\u00fchst\u00fcck schwatzte ich mit einem \u00e4lteren Ehepaar aus der Schweiz, die mit dem Rad Inntal-abw\u00e4rts geradelt waren, in Passau den Zug verpasst hatten und jetzt irgendwie in Freising an der Isar gelandet waren. Ich bin kurz nach Acht los und weiter \u00fcber gute Schotterwege rechts &hellip; <a href=\"https:\/\/truckle.in-chemnitz.de\/wordpress\/radtouren\/alpen-2009\/alpen-2009-02-aachensee\/\" class=\"more-link\"><span class=\"screen-reader-text\">Alpen 2009 &#8211; 02 &#8211; Aachensee<\/span> weiterlesen <span class=\"meta-nav\">&rarr;<\/span><\/a><\/p>\n","protected":false},"author":1,"featured_media":0,"parent":1245,"menu_order":1,"comment_status":"open","ping_status":"open","template":"","meta":{"footnotes":""},"class_list":["post-1248","page","type-page","status-publish","hentry"],"_links":{"self":[{"href":"https:\/\/truckle.in-chemnitz.de\/wordpress\/wp-json\/wp\/v2\/pages\/1248","targetHints":{"allow":["GET"]}}],"collection":[{"href":"https:\/\/truckle.in-chemnitz.de\/wordpress\/wp-json\/wp\/v2\/pages"}],"about":[{"href":"https:\/\/truckle.in-chemnitz.de\/wordpress\/wp-json\/wp\/v2\/types\/page"}],"author":[{"embeddable":true,"href":"https:\/\/truckle.in-chemnitz.de\/wordpress\/wp-json\/wp\/v2\/users\/1"}],"replies":[{"embeddable":true,"href":"https:\/\/truckle.in-chemnitz.de\/wordpress\/wp-json\/wp\/v2\/comments?post=1248"}],"version-history":[{"count":21,"href":"https:\/\/truckle.in-chemnitz.de\/wordpress\/wp-json\/wp\/v2\/pages\/1248\/revisions"}],"predecessor-version":[{"id":1430,"href":"https:\/\/truckle.in-chemnitz.de\/wordpress\/wp-json\/wp\/v2\/pages\/1248\/revisions\/1430"}],"up":[{"embeddable":true,"href":"https:\/\/truckle.in-chemnitz.de\/wordpress\/wp-json\/wp\/v2\/pages\/1245"}],"wp:attachment":[{"href":"https:\/\/truckle.in-chemnitz.de\/wordpress\/wp-json\/wp\/v2\/media?parent=1248"}],"curies":[{"name":"wp","href":"https:\/\/api.w.org\/{rel}","templated":true}]}}