{"id":262,"date":"2012-03-11T16:48:16","date_gmt":"2012-03-11T15:48:16","guid":{"rendered":"http:\/\/truckle.in-chemnitz.de\/wordpress\/?page_id=262"},"modified":"2012-06-12T02:59:03","modified_gmt":"2012-06-12T00:59:03","slug":"kroatien-2010-5-tag","status":"publish","type":"page","link":"https:\/\/truckle.in-chemnitz.de\/wordpress\/radtouren\/kroatien-2010\/kroatien-2010-5-tag\/","title":{"rendered":"Kroatien-2010 5.Tag"},"content":{"rendered":"<p><strong><br \/>\n07.06.2010 D\u00f6llach (AT) \u2013 Gemano del Friuli (IT) (142km) Gesamt: 754km<br \/>\n<\/strong><\/p>\n<p>Bei leicht diesigem Wetter konnten wir fr\u00fchzeitig gegen 8.15 Uhr starten. Unser Weg f\u00fchrte uns zun\u00e4chst noch geschmeidige 18 km das M\u00f6lltal hinab. Dabei benutzten wir sowohl den wundersch\u00f6nen Radweg neben der Stra\u00dfe, als auch die Stra\u00dfe selbst, weil diese kaum befahren war.<\/p>\n<p><figure id=\"attachment_263\" aria-describedby=\"caption-attachment-263\" style=\"width: 270px\" class=\"wp-caption alignleft\"><a href=\"http:\/\/truckle.in-chemnitz.de\/wordpress\/wp-content\/uploads\/2012\/03\/img_2879-s.jpg\"><img loading=\"lazy\" decoding=\"async\" src=\"http:\/\/truckle.in-chemnitz.de\/wordpress\/wp-content\/uploads\/2012\/03\/img_2879-s-270x202.jpg\" alt=\"\" title=\"img_2879-s\" width=\"270\" height=\"202\" class=\"size-medium wp-image-263\" srcset=\"https:\/\/truckle.in-chemnitz.de\/wordpress\/wp-content\/uploads\/2012\/03\/img_2879-s-270x202.jpg 270w, https:\/\/truckle.in-chemnitz.de\/wordpress\/wp-content\/uploads\/2012\/03\/img_2879-s-600x450.jpg 600w, https:\/\/truckle.in-chemnitz.de\/wordpress\/wp-content\/uploads\/2012\/03\/img_2879-s.jpg 1024w\" sizes=\"auto, (max-width: 270px) 100vw, 270px\" \/><\/a><figcaption id=\"caption-attachment-263\" class=\"wp-caption-text\">M\u00f6lltal-Radweg<\/figcaption><\/figure><figure id=\"attachment_264\" aria-describedby=\"caption-attachment-264\" style=\"width: 270px\" class=\"wp-caption alignleft\"><a href=\"http:\/\/truckle.in-chemnitz.de\/wordpress\/wp-content\/uploads\/2012\/03\/img_2880-s.jpg\"><img loading=\"lazy\" decoding=\"async\" src=\"http:\/\/truckle.in-chemnitz.de\/wordpress\/wp-content\/uploads\/2012\/03\/img_2880-s-270x202.jpg\" alt=\"\" title=\"img_2880-s\" width=\"270\" height=\"202\" class=\"size-medium wp-image-264\" srcset=\"https:\/\/truckle.in-chemnitz.de\/wordpress\/wp-content\/uploads\/2012\/03\/img_2880-s-270x202.jpg 270w, https:\/\/truckle.in-chemnitz.de\/wordpress\/wp-content\/uploads\/2012\/03\/img_2880-s-600x450.jpg 600w, https:\/\/truckle.in-chemnitz.de\/wordpress\/wp-content\/uploads\/2012\/03\/img_2880-s.jpg 1024w\" sizes=\"auto, (max-width: 270px) 100vw, 270px\" \/><\/a><figcaption id=\"caption-attachment-264\" class=\"wp-caption-text\">M\u00f6ll<\/figcaption><\/figure><\/p>\n<p>Bei dieser Etappe sollte es gleich \u00fcber drei mehr oder weniger schwer zu befahrene P\u00e4sse gehen. Den Anfang machte der Iselsberpass, der das M\u00f6lltal mit dem Drautal verbindet &#8211; mit einer H\u00f6he von 1.204 m noch einer der leichteren Sorte. Die Abfahrt nach D\u00f6lsach war eine wahre Schussfahrt und im handumdrehen waren die schwer erk\u00e4mpften H\u00f6henmeter wieder dahin.<\/p>\n<figure id=\"attachment_265\" aria-describedby=\"caption-attachment-265\" style=\"width: 600px\" class=\"wp-caption alignleft\"><a href=\"http:\/\/truckle.in-chemnitz.de\/wordpress\/wp-content\/uploads\/2012\/03\/imgp4713-s.jpg\"><img loading=\"lazy\" decoding=\"async\" src=\"http:\/\/truckle.in-chemnitz.de\/wordpress\/wp-content\/uploads\/2012\/03\/imgp4713-s-600x450.jpg\" alt=\"\" title=\"imgp4713-s\" width=\"600\" height=\"450\" class=\"size-large wp-image-265\" srcset=\"https:\/\/truckle.in-chemnitz.de\/wordpress\/wp-content\/uploads\/2012\/03\/imgp4713-s-600x450.jpg 600w, https:\/\/truckle.in-chemnitz.de\/wordpress\/wp-content\/uploads\/2012\/03\/imgp4713-s-270x202.jpg 270w, https:\/\/truckle.in-chemnitz.de\/wordpress\/wp-content\/uploads\/2012\/03\/imgp4713-s.jpg 1024w\" sizes=\"auto, (max-width: 600px) 100vw, 600px\" \/><\/a><figcaption id=\"caption-attachment-265\" class=\"wp-caption-text\">Drau-Radweg<\/figcaption><\/figure>\n<p>Auf dem Drautalradweg erholten wir uns zun\u00e4chst von den ersten Anstrengungen und folgten diesem bis Nikolsdorf. Dort war die Verkehrsf\u00fchrung ziemlich bescheiden und wir gerieten auf eine h\u00e4ssliche Fernverkehrsstra\u00dfe, der wir bis Oberdrauburg folgten. Nun ging es mit dem 981 m hohen Gailbergsattel den zweiten, relativ gem\u00e4chlichen Pass hinauf. Die Abfahrt hinab nach K\u00f6tschach-Mauthen war sch\u00f6n lang gezogen, so dass wir einige leichte Kilometer machen konnten. <\/p>\n<p>Der dritte Pass (Pl\u00f6ckenpass 1.357 m) hatte es jedoch ganz sch\u00f6n in sich. Die Auffahrt war teilweise sausteil, so dass wir uns gerne noch kleinere G\u00e4nge gew\u00fcnscht h\u00e4tten.<\/p>\n<p>Interessant f\u00fcr uns waren die noch zahlreich vorhandenen Befestigungsanlagen aus dem 1. Weltkrieg, denn das Gebiet war Teil der \u00f6sterreichisch-italienischen Front. Offensichtlich war hier eine hart umk\u00e4mpfte Gegend und die verbliebenen Bunker wurde im Rahmen eines Freilichtmuseums der \u00d6ffentlichkeit zug\u00e4nglich gemacht. Zwischendrin ging es zwischen Galerien auch mal kurz bergab.<\/p>\n<p><figure id=\"attachment_269\" aria-describedby=\"caption-attachment-269\" style=\"width: 270px\" class=\"wp-caption alignleft\"><a href=\"http:\/\/truckle.in-chemnitz.de\/wordpress\/wp-content\/uploads\/2012\/03\/img_2883-s.jpg\"><img loading=\"lazy\" decoding=\"async\" src=\"http:\/\/truckle.in-chemnitz.de\/wordpress\/wp-content\/uploads\/2012\/03\/img_2883-s-270x202.jpg\" alt=\"\" title=\"img_2883-s\" width=\"270\" height=\"202\" class=\"size-medium wp-image-269\" srcset=\"https:\/\/truckle.in-chemnitz.de\/wordpress\/wp-content\/uploads\/2012\/03\/img_2883-s-270x202.jpg 270w, https:\/\/truckle.in-chemnitz.de\/wordpress\/wp-content\/uploads\/2012\/03\/img_2883-s-600x450.jpg 600w, https:\/\/truckle.in-chemnitz.de\/wordpress\/wp-content\/uploads\/2012\/03\/img_2883-s.jpg 1024w\" sizes=\"auto, (max-width: 270px) 100vw, 270px\" \/><\/a><figcaption id=\"caption-attachment-269\" class=\"wp-caption-text\">Serpentinen am Pl\u00f6ckenpass<\/figcaption><\/figure><figure id=\"attachment_270\" aria-describedby=\"caption-attachment-270\" style=\"width: 270px\" class=\"wp-caption alignleft\"><a href=\"http:\/\/truckle.in-chemnitz.de\/wordpress\/wp-content\/uploads\/2012\/03\/imgp4714-s.jpg\"><img loading=\"lazy\" decoding=\"async\" src=\"http:\/\/truckle.in-chemnitz.de\/wordpress\/wp-content\/uploads\/2012\/03\/imgp4714-s-270x202.jpg\" alt=\"\" title=\"imgp4714-s\" width=\"270\" height=\"202\" class=\"size-medium wp-image-270\" srcset=\"https:\/\/truckle.in-chemnitz.de\/wordpress\/wp-content\/uploads\/2012\/03\/imgp4714-s-270x202.jpg 270w, https:\/\/truckle.in-chemnitz.de\/wordpress\/wp-content\/uploads\/2012\/03\/imgp4714-s-600x450.jpg 600w, https:\/\/truckle.in-chemnitz.de\/wordpress\/wp-content\/uploads\/2012\/03\/imgp4714-s.jpg 1024w\" sizes=\"auto, (max-width: 270px) 100vw, 270px\" \/><\/a><figcaption id=\"caption-attachment-270\" class=\"wp-caption-text\">Verschnaufpause an der Bushaltestelle<\/figcaption><\/figure><\/p>\n<p><figure id=\"attachment_271\" aria-describedby=\"caption-attachment-271\" style=\"width: 270px\" class=\"wp-caption alignleft\"><a href=\"http:\/\/truckle.in-chemnitz.de\/wordpress\/wp-content\/uploads\/2012\/03\/imgp4717-s.jpg\"><img loading=\"lazy\" decoding=\"async\" src=\"http:\/\/truckle.in-chemnitz.de\/wordpress\/wp-content\/uploads\/2012\/03\/imgp4717-s-270x202.jpg\" alt=\"\" title=\"imgp4717-s\" width=\"270\" height=\"202\" class=\"size-medium wp-image-271\" srcset=\"https:\/\/truckle.in-chemnitz.de\/wordpress\/wp-content\/uploads\/2012\/03\/imgp4717-s-270x202.jpg 270w, https:\/\/truckle.in-chemnitz.de\/wordpress\/wp-content\/uploads\/2012\/03\/imgp4717-s-600x450.jpg 600w, https:\/\/truckle.in-chemnitz.de\/wordpress\/wp-content\/uploads\/2012\/03\/imgp4717-s.jpg 1024w\" sizes=\"auto, (max-width: 270px) 100vw, 270px\" \/><\/a><figcaption id=\"caption-attachment-271\" class=\"wp-caption-text\">Hunger?<\/figcaption><\/figure><figure id=\"attachment_272\" aria-describedby=\"caption-attachment-272\" style=\"width: 270px\" class=\"wp-caption alignleft\"><a href=\"http:\/\/truckle.in-chemnitz.de\/wordpress\/wp-content\/uploads\/2012\/03\/imgp4718-s.jpg\"><img loading=\"lazy\" decoding=\"async\" src=\"http:\/\/truckle.in-chemnitz.de\/wordpress\/wp-content\/uploads\/2012\/03\/imgp4718-s-270x202.jpg\" alt=\"\" title=\"imgp4718-s\" width=\"270\" height=\"202\" class=\"size-medium wp-image-272\" srcset=\"https:\/\/truckle.in-chemnitz.de\/wordpress\/wp-content\/uploads\/2012\/03\/imgp4718-s-270x202.jpg 270w, https:\/\/truckle.in-chemnitz.de\/wordpress\/wp-content\/uploads\/2012\/03\/imgp4718-s-600x450.jpg 600w, https:\/\/truckle.in-chemnitz.de\/wordpress\/wp-content\/uploads\/2012\/03\/imgp4718-s.jpg 1024w\" sizes=\"auto, (max-width: 270px) 100vw, 270px\" \/><\/a><figcaption id=\"caption-attachment-272\" class=\"wp-caption-text\">XXL-Schnitzel<\/figcaption><\/figure><\/p>\n<p>2,5km vor der Passh\u00f6he weckte eine Kneipe unser Interesse und wir lie\u00dfen und jeweils ein XXL-Schnitzel schmecken. Dort haben wir noch einen ehemaligen \u00f6sterreichischen Radrennfahrer getroffen der in den siebziger Jahren an der Friedensfahrt teilgenommen hatte. Da er als \u00d6sterreicher verd\u00e4chtig viele DDR-Fahrer kannte glaubten wir ihm seine Geschichte, auch wenn er aufgrund seines \u00f6sterreichischen Dialektes schwer zu verstehen war. Nach so einem \u00fcppigen Mittagessen geht das Weiterfahren besonders schwer. So auch dieses Mal \u2013 qu\u00e4lten wir uns elendig das letzte sausteile St\u00fcck (teilweise durch einen Tunnel) bis zum Pass. Die Passh\u00f6he ist gleichzeitig die Grenze zu Italien. <\/p>\n<p><figure id=\"attachment_274\" aria-describedby=\"caption-attachment-274\" style=\"width: 270px\" class=\"wp-caption alignleft\"><a href=\"http:\/\/truckle.in-chemnitz.de\/wordpress\/wp-content\/uploads\/2012\/03\/imgp4719-s.jpg\"><img loading=\"lazy\" decoding=\"async\" src=\"http:\/\/truckle.in-chemnitz.de\/wordpress\/wp-content\/uploads\/2012\/03\/imgp4719-s-270x202.jpg\" alt=\"\" title=\"imgp4719-s\" width=\"270\" height=\"202\" class=\"size-medium wp-image-274\" srcset=\"https:\/\/truckle.in-chemnitz.de\/wordpress\/wp-content\/uploads\/2012\/03\/imgp4719-s-270x202.jpg 270w, https:\/\/truckle.in-chemnitz.de\/wordpress\/wp-content\/uploads\/2012\/03\/imgp4719-s-600x450.jpg 600w, https:\/\/truckle.in-chemnitz.de\/wordpress\/wp-content\/uploads\/2012\/03\/imgp4719-s.jpg 1024w\" sizes=\"auto, (max-width: 270px) 100vw, 270px\" \/><\/a><figcaption id=\"caption-attachment-274\" class=\"wp-caption-text\">Pl\u00f6ckenpass<\/figcaption><\/figure><figure id=\"attachment_275\" aria-describedby=\"caption-attachment-275\" style=\"width: 270px\" class=\"wp-caption alignleft\"><a href=\"http:\/\/truckle.in-chemnitz.de\/wordpress\/wp-content\/uploads\/2012\/03\/imgp4720-s.jpg\"><img loading=\"lazy\" decoding=\"async\" src=\"http:\/\/truckle.in-chemnitz.de\/wordpress\/wp-content\/uploads\/2012\/03\/imgp4720-s-270x202.jpg\" alt=\"\" title=\"imgp4720-s\" width=\"270\" height=\"202\" class=\"size-medium wp-image-275\" srcset=\"https:\/\/truckle.in-chemnitz.de\/wordpress\/wp-content\/uploads\/2012\/03\/imgp4720-s-270x202.jpg 270w, https:\/\/truckle.in-chemnitz.de\/wordpress\/wp-content\/uploads\/2012\/03\/imgp4720-s-600x450.jpg 600w, https:\/\/truckle.in-chemnitz.de\/wordpress\/wp-content\/uploads\/2012\/03\/imgp4720-s.jpg 1024w\" sizes=\"auto, (max-width: 270px) 100vw, 270px\" \/><\/a><figcaption id=\"caption-attachment-275\" class=\"wp-caption-text\">serpentinenreiche Abfahrt<\/figcaption><\/figure><\/p>\n<p>Die nun folgende 10 km lange Abfahrt war sehr abenteuerlich. Kaum war man etwas auf Geschwindigkeit, musste man vor der n\u00e4chsten Steilkurve wieder runterbremsen.<\/p>\n<figure id=\"attachment_277\" aria-describedby=\"caption-attachment-277\" style=\"width: 600px\" class=\"wp-caption alignnone\"><a href=\"http:\/\/truckle.in-chemnitz.de\/wordpress\/wp-content\/uploads\/2012\/03\/imgp4721-s.jpg\"><img loading=\"lazy\" decoding=\"async\" src=\"http:\/\/truckle.in-chemnitz.de\/wordpress\/wp-content\/uploads\/2012\/03\/imgp4721-s-600x450.jpg\" alt=\"\" title=\"imgp4721-s\" width=\"600\" height=\"450\" class=\"size-large wp-image-277\" srcset=\"https:\/\/truckle.in-chemnitz.de\/wordpress\/wp-content\/uploads\/2012\/03\/imgp4721-s-600x450.jpg 600w, https:\/\/truckle.in-chemnitz.de\/wordpress\/wp-content\/uploads\/2012\/03\/imgp4721-s-270x202.jpg 270w, https:\/\/truckle.in-chemnitz.de\/wordpress\/wp-content\/uploads\/2012\/03\/imgp4721-s.jpg 1024w\" sizes=\"auto, (max-width: 600px) 100vw, 600px\" \/><\/a><figcaption id=\"caption-attachment-277\" class=\"wp-caption-text\">Tunnel, Galerien und Kurven<\/figcaption><\/figure>\n<p>Es ging durch das Schwemmtal des Tagliamento mit seinen breiten Kiesb\u00e4nken weiter bis ins italienische Tolmezzo.<\/p>\n<p><figure id=\"attachment_278\" aria-describedby=\"caption-attachment-278\" style=\"width: 270px\" class=\"wp-caption alignleft\"><a href=\"http:\/\/truckle.in-chemnitz.de\/wordpress\/wp-content\/uploads\/2012\/03\/imgp4724-s.jpg\"><img loading=\"lazy\" decoding=\"async\" src=\"http:\/\/truckle.in-chemnitz.de\/wordpress\/wp-content\/uploads\/2012\/03\/imgp4724-s-270x202.jpg\" alt=\"\" title=\"imgp4724-s\" width=\"270\" height=\"202\" class=\"size-medium wp-image-278\" srcset=\"https:\/\/truckle.in-chemnitz.de\/wordpress\/wp-content\/uploads\/2012\/03\/imgp4724-s-270x202.jpg 270w, https:\/\/truckle.in-chemnitz.de\/wordpress\/wp-content\/uploads\/2012\/03\/imgp4724-s-600x450.jpg 600w, https:\/\/truckle.in-chemnitz.de\/wordpress\/wp-content\/uploads\/2012\/03\/imgp4724-s.jpg 1024w\" sizes=\"auto, (max-width: 270px) 100vw, 270px\" \/><\/a><figcaption id=\"caption-attachment-278\" class=\"wp-caption-text\">Tagliamento<\/figcaption><\/figure><figure id=\"attachment_279\" aria-describedby=\"caption-attachment-279\" style=\"width: 270px\" class=\"wp-caption alignleft\"><a href=\"http:\/\/truckle.in-chemnitz.de\/wordpress\/wp-content\/uploads\/2012\/03\/imgp4727-s.jpg\"><img loading=\"lazy\" decoding=\"async\" src=\"http:\/\/truckle.in-chemnitz.de\/wordpress\/wp-content\/uploads\/2012\/03\/imgp4727-s-270x202.jpg\" alt=\"\" title=\"imgp4727-s\" width=\"270\" height=\"202\" class=\"size-medium wp-image-279\" srcset=\"https:\/\/truckle.in-chemnitz.de\/wordpress\/wp-content\/uploads\/2012\/03\/imgp4727-s-270x202.jpg 270w, https:\/\/truckle.in-chemnitz.de\/wordpress\/wp-content\/uploads\/2012\/03\/imgp4727-s-600x450.jpg 600w, https:\/\/truckle.in-chemnitz.de\/wordpress\/wp-content\/uploads\/2012\/03\/imgp4727-s.jpg 1024w\" sizes=\"auto, (max-width: 270px) 100vw, 270px\" \/><\/a><figcaption id=\"caption-attachment-279\" class=\"wp-caption-text\">Kiesb\u00e4nke<\/figcaption><\/figure><\/p>\n<p>Nachdem wir dort erstmal die falsche Richtung eingeschlagen hatten, legten wir eine kleine Zwangspause ein, weil Falks Knie pl\u00f6tzlich gewaltige Schmerzen machte. Schlie\u00dflich fuhren wir gem\u00e4chlich weiter bis Gemano. Nachdem wir die Alpen nun hinter uns gelassen hatten, wollten wir eigentlich noch ein ganzes St\u00fcck weiterkommen, aber mit dem l\u00e4dierten Knie wollten wir auch nichts riskieren. So suchten wir schon am zeitigen Nachmittag eine Unterkunft. Wir checkten dann in Gemano im erstbesten Hotel ein, obwohl das mit seinen feinen Marmor-Fu\u00dfb\u00f6den unserer durchgeschwitzten Radbekleidung nicht angemessen war. Eine Pizzeria fanden wir auch nicht mehr, so kehrten wir in einer Taverne ein.<\/p>\n<p><a href=\"\/gps\/GPSDATA-20100607_s-osm.html\" target=\"_blank\" title=\"OSM-Karte\">Karte<\/a><\/p>\n<p><a href=\"http:\/\/truckle.in-chemnitz.de\/wordpress\/wp-content\/uploads\/2012\/03\/GPSDATA-20100607-profile.png\"><img loading=\"lazy\" decoding=\"async\" src=\"http:\/\/truckle.in-chemnitz.de\/wordpress\/wp-content\/uploads\/2012\/03\/GPSDATA-20100607-profile-600x253.png\" alt=\"\" title=\"GPSDATA-20100607-profile\" width=\"600\" height=\"253\" class=\"alignnone size-large wp-image-312\" srcset=\"https:\/\/truckle.in-chemnitz.de\/wordpress\/wp-content\/uploads\/2012\/03\/GPSDATA-20100607-profile-600x253.png 600w, https:\/\/truckle.in-chemnitz.de\/wordpress\/wp-content\/uploads\/2012\/03\/GPSDATA-20100607-profile-270x114.png 270w, https:\/\/truckle.in-chemnitz.de\/wordpress\/wp-content\/uploads\/2012\/03\/GPSDATA-20100607-profile.png 900w\" sizes=\"auto, (max-width: 600px) 100vw, 600px\" \/><\/a><\/p>\n<p><a href=\"..\/kroatien-2010-6-tag\">Weiter<\/a><\/p>\n","protected":false},"excerpt":{"rendered":"<p>07.06.2010 D\u00f6llach (AT) \u2013 Gemano del Friuli (IT) (142km) Gesamt: 754km Bei leicht diesigem Wetter konnten wir fr\u00fchzeitig gegen 8.15 Uhr starten. Unser Weg f\u00fchrte uns zun\u00e4chst noch geschmeidige 18 km das M\u00f6lltal hinab. Dabei benutzten wir sowohl den wundersch\u00f6nen Radweg neben der Stra\u00dfe, als auch die Stra\u00dfe selbst, weil diese kaum befahren war. Bei &hellip; <a href=\"https:\/\/truckle.in-chemnitz.de\/wordpress\/radtouren\/kroatien-2010\/kroatien-2010-5-tag\/\" class=\"more-link\"><span class=\"screen-reader-text\">Kroatien-2010 5.Tag<\/span> weiterlesen <span class=\"meta-nav\">&rarr;<\/span><\/a><\/p>\n","protected":false},"author":1,"featured_media":0,"parent":150,"menu_order":0,"comment_status":"open","ping_status":"open","template":"","meta":{"footnotes":""},"class_list":["post-262","page","type-page","status-publish","hentry"],"_links":{"self":[{"href":"https:\/\/truckle.in-chemnitz.de\/wordpress\/wp-json\/wp\/v2\/pages\/262","targetHints":{"allow":["GET"]}}],"collection":[{"href":"https:\/\/truckle.in-chemnitz.de\/wordpress\/wp-json\/wp\/v2\/pages"}],"about":[{"href":"https:\/\/truckle.in-chemnitz.de\/wordpress\/wp-json\/wp\/v2\/types\/page"}],"author":[{"embeddable":true,"href":"https:\/\/truckle.in-chemnitz.de\/wordpress\/wp-json\/wp\/v2\/users\/1"}],"replies":[{"embeddable":true,"href":"https:\/\/truckle.in-chemnitz.de\/wordpress\/wp-json\/wp\/v2\/comments?post=262"}],"version-history":[{"count":11,"href":"https:\/\/truckle.in-chemnitz.de\/wordpress\/wp-json\/wp\/v2\/pages\/262\/revisions"}],"predecessor-version":[{"id":640,"href":"https:\/\/truckle.in-chemnitz.de\/wordpress\/wp-json\/wp\/v2\/pages\/262\/revisions\/640"}],"up":[{"embeddable":true,"href":"https:\/\/truckle.in-chemnitz.de\/wordpress\/wp-json\/wp\/v2\/pages\/150"}],"wp:attachment":[{"href":"https:\/\/truckle.in-chemnitz.de\/wordpress\/wp-json\/wp\/v2\/media?parent=262"}],"curies":[{"name":"wp","href":"https:\/\/api.w.org\/{rel}","templated":true}]}}