{"id":380,"date":"2012-06-03T15:26:32","date_gmt":"2012-06-03T13:26:32","guid":{"rendered":"http:\/\/truckle.in-chemnitz.de\/wordpress\/?page_id=380"},"modified":"2012-06-12T03:00:20","modified_gmt":"2012-06-12T01:00:20","slug":"kroatien-2010-7-tag","status":"publish","type":"page","link":"https:\/\/truckle.in-chemnitz.de\/wordpress\/radtouren\/kroatien-2010\/kroatien-2010-7-tag\/","title":{"rendered":"Kroatien-2010 7.Tag"},"content":{"rendered":"<p><strong>09.06.2010 Buzet (HR) &#8212; Osor (HR) (127km) Gesamt: 1049km<\/strong><\/p>\n<p>Wir starteten gegen 8:00 bei wundersch\u00f6nem Wetter. Gleich zu Anfang fragten wir jemanden in Buzet nach dem Weg und fanden so schnell die richtige Abfahrt vom Berg runter. Nach kr\u00e4ftigen Anstieg auf der Gegenseite bogen wir nach links bergab Richtung Pengari ab. Dort erwartete uns allerdings eine Baustelle und Sackgasse, der in der Karte eingezeichnete Weg Richtung Kotli war einfach nicht vorhanden. So schickte uns auch ein Einheimischer wieder zur\u00fcck. Also schoben wir die R\u00e4der den steilen Weg wieder rauf bis zu Stra\u00dfe.<\/p>\n<p><figure id=\"attachment_382\" aria-describedby=\"caption-attachment-382\" style=\"width: 270px\" class=\"wp-caption alignleft\"><a href=\"http:\/\/truckle.in-chemnitz.de\/wordpress\/wp-content\/uploads\/2012\/06\/img_2908-s.jpg\"><img loading=\"lazy\" decoding=\"async\" src=\"http:\/\/truckle.in-chemnitz.de\/wordpress\/wp-content\/uploads\/2012\/06\/img_2908-s-270x202.jpg\" alt=\"\" title=\"img_2908-s\" width=\"270\" height=\"202\" class=\"size-medium wp-image-382\" srcset=\"https:\/\/truckle.in-chemnitz.de\/wordpress\/wp-content\/uploads\/2012\/06\/img_2908-s-270x202.jpg 270w, https:\/\/truckle.in-chemnitz.de\/wordpress\/wp-content\/uploads\/2012\/06\/img_2908-s-600x450.jpg 600w, https:\/\/truckle.in-chemnitz.de\/wordpress\/wp-content\/uploads\/2012\/06\/img_2908-s.jpg 1024w\" sizes=\"auto, (max-width: 270px) 100vw, 270px\" \/><\/a><figcaption id=\"caption-attachment-382\" class=\"wp-caption-text\">Blick zur\u00fcck nach Buzet<\/figcaption><\/figure><figure id=\"attachment_383\" aria-describedby=\"caption-attachment-383\" style=\"width: 270px\" class=\"wp-caption alignleft\"><a href=\"http:\/\/truckle.in-chemnitz.de\/wordpress\/wp-content\/uploads\/2012\/06\/imgp4745-s.jpg\"><img loading=\"lazy\" decoding=\"async\" src=\"http:\/\/truckle.in-chemnitz.de\/wordpress\/wp-content\/uploads\/2012\/06\/imgp4745-s-270x202.jpg\" alt=\"\" title=\"imgp4745-s\" width=\"270\" height=\"202\" class=\"size-medium wp-image-383\" srcset=\"https:\/\/truckle.in-chemnitz.de\/wordpress\/wp-content\/uploads\/2012\/06\/imgp4745-s-270x202.jpg 270w, https:\/\/truckle.in-chemnitz.de\/wordpress\/wp-content\/uploads\/2012\/06\/imgp4745-s-600x450.jpg 600w, https:\/\/truckle.in-chemnitz.de\/wordpress\/wp-content\/uploads\/2012\/06\/imgp4745-s.jpg 1024w\" sizes=\"auto, (max-width: 270px) 100vw, 270px\" \/><\/a><figcaption id=\"caption-attachment-383\" class=\"wp-caption-text\">Landschaft in Istrien<\/figcaption><\/figure><\/p>\n<p>Von dort ginge es weiter mit etwa 8% hinauf, durch Marinci, und dann in einem st\u00e4ndigen auf und ab \u00fcber Prodani, Kru\u0161vari und <a href=\"http:\/\/www.mein-kroatien.info\/Draguc\" target=\"_blank\">Dragu\u0107<\/a> nach Cerovlje. Wir hatten dabei den Eindruck, mehr bergauf als bergab zu fahren, irgendwie lief es z\u00e4h. Nach Querung der Bahnstrecke und Autobahn fuhren wir den n\u00e4chsten Anstieg hoch, um dann auf sausteiler und recht schmaler Stra\u00dfe nach Dolni Gorica hinabzusausen. Ab dort folgten wir einem flachen, von Felsen ges\u00e4umten Tal bis Zajci. Hinter Kr\u0161an haben wir uns kurz auf die falsche Stra\u00dfe verirrt und mussten einen Kilometer zur\u00fcck und den Berg wieder hoch.<\/p>\n<p><figure id=\"attachment_385\" aria-describedby=\"caption-attachment-385\" style=\"width: 270px\" class=\"wp-caption alignleft\"><a href=\"http:\/\/truckle.in-chemnitz.de\/wordpress\/wp-content\/uploads\/2012\/06\/imgp4747-s.jpg\"><img loading=\"lazy\" decoding=\"async\" src=\"http:\/\/truckle.in-chemnitz.de\/wordpress\/wp-content\/uploads\/2012\/06\/imgp4747-s-270x202.jpg\" alt=\"\" title=\"imgp4747-s\" width=\"270\" height=\"202\" class=\"size-medium wp-image-385\" srcset=\"https:\/\/truckle.in-chemnitz.de\/wordpress\/wp-content\/uploads\/2012\/06\/imgp4747-s-270x202.jpg 270w, https:\/\/truckle.in-chemnitz.de\/wordpress\/wp-content\/uploads\/2012\/06\/imgp4747-s-600x450.jpg 600w, https:\/\/truckle.in-chemnitz.de\/wordpress\/wp-content\/uploads\/2012\/06\/imgp4747-s.jpg 1024w\" sizes=\"auto, (max-width: 270px) 100vw, 270px\" \/><\/a><figcaption id=\"caption-attachment-385\" class=\"wp-caption-text\">Dragu\u0107<\/figcaption><\/figure><figure id=\"attachment_386\" aria-describedby=\"caption-attachment-386\" style=\"width: 270px\" class=\"wp-caption alignleft\"><a href=\"http:\/\/truckle.in-chemnitz.de\/wordpress\/wp-content\/uploads\/2012\/06\/img_2910-s.jpg\"><img loading=\"lazy\" decoding=\"async\" src=\"http:\/\/truckle.in-chemnitz.de\/wordpress\/wp-content\/uploads\/2012\/06\/img_2910-s-270x202.jpg\" alt=\"\" title=\"img_2910-s\" width=\"270\" height=\"202\" class=\"size-medium wp-image-386\" srcset=\"https:\/\/truckle.in-chemnitz.de\/wordpress\/wp-content\/uploads\/2012\/06\/img_2910-s-270x202.jpg 270w, https:\/\/truckle.in-chemnitz.de\/wordpress\/wp-content\/uploads\/2012\/06\/img_2910-s-600x450.jpg 600w, https:\/\/truckle.in-chemnitz.de\/wordpress\/wp-content\/uploads\/2012\/06\/img_2910-s.jpg 1024w\" sizes=\"auto, (max-width: 270px) 100vw, 270px\" \/><\/a><figcaption id=\"caption-attachment-386\" class=\"wp-caption-text\">Golgori\u010dki Dol<\/figcaption><\/figure><\/p>\n<p>Kurz darauf erblickten wir die tiefblaue Adria in der Plominer Bucht. Der Anblick wird leider von der gro\u00dfen Industrieanlage dort erheblich getr\u00fcbt. Ein weiterer kr\u00e4ftiger Anstieg brachte uns auf der K\u00fcstenstra\u00dfe weit \u00fcber das Meer hinauf. Die gerade m\u00fchsam erklommenen H\u00f6henmeter wurden durch eine rasante Schu\u00dffahrt hinab zur F\u00e4hre bei Brestova schnell wieder vernichtet.<\/p>\n<p><figure id=\"attachment_388\" aria-describedby=\"caption-attachment-388\" style=\"width: 270px\" class=\"wp-caption alignleft\"><a href=\"http:\/\/truckle.in-chemnitz.de\/wordpress\/wp-content\/uploads\/2012\/06\/img_2912-s.jpg\"><img loading=\"lazy\" decoding=\"async\" src=\"http:\/\/truckle.in-chemnitz.de\/wordpress\/wp-content\/uploads\/2012\/06\/img_2912-s-270x202.jpg\" alt=\"\" title=\"img_2912-s\" width=\"270\" height=\"202\" class=\"size-medium wp-image-388\" srcset=\"https:\/\/truckle.in-chemnitz.de\/wordpress\/wp-content\/uploads\/2012\/06\/img_2912-s-270x202.jpg 270w, https:\/\/truckle.in-chemnitz.de\/wordpress\/wp-content\/uploads\/2012\/06\/img_2912-s-600x450.jpg 600w, https:\/\/truckle.in-chemnitz.de\/wordpress\/wp-content\/uploads\/2012\/06\/img_2912-s.jpg 1024w\" sizes=\"auto, (max-width: 270px) 100vw, 270px\" \/><\/a><figcaption id=\"caption-attachment-388\" class=\"wp-caption-text\">Plominer Bucht<\/figcaption><\/figure><figure id=\"attachment_389\" aria-describedby=\"caption-attachment-389\" style=\"width: 270px\" class=\"wp-caption alignleft\"><a href=\"http:\/\/truckle.in-chemnitz.de\/wordpress\/wp-content\/uploads\/2012\/06\/imgp4755-s.jpg\"><img loading=\"lazy\" decoding=\"async\" src=\"http:\/\/truckle.in-chemnitz.de\/wordpress\/wp-content\/uploads\/2012\/06\/imgp4755-s-270x202.jpg\" alt=\"\" title=\"imgp4755-s\" width=\"270\" height=\"202\" class=\"size-medium wp-image-389\" srcset=\"https:\/\/truckle.in-chemnitz.de\/wordpress\/wp-content\/uploads\/2012\/06\/imgp4755-s-270x202.jpg 270w, https:\/\/truckle.in-chemnitz.de\/wordpress\/wp-content\/uploads\/2012\/06\/imgp4755-s-600x450.jpg 600w, https:\/\/truckle.in-chemnitz.de\/wordpress\/wp-content\/uploads\/2012\/06\/imgp4755-s.jpg 1024w\" sizes=\"auto, (max-width: 270px) 100vw, 270px\" \/><\/a><figcaption id=\"caption-attachment-389\" class=\"wp-caption-text\">F\u00e4hre bei Brestova<\/figcaption><\/figure><\/p>\n<p>Wir mussten nicht lange warten, verstauten unsere R\u00e4der auf der recht vollen F\u00e4hre seitlich des Autodecks und machten es uns ganz oben bequem.<\/p>\n<figure id=\"attachment_390\" aria-describedby=\"caption-attachment-390\" style=\"width: 600px\" class=\"wp-caption alignnone\"><a href=\"http:\/\/truckle.in-chemnitz.de\/wordpress\/wp-content\/uploads\/2012\/06\/imgp4758-s.jpg\"><img loading=\"lazy\" decoding=\"async\" src=\"http:\/\/truckle.in-chemnitz.de\/wordpress\/wp-content\/uploads\/2012\/06\/imgp4758-s-600x333.jpg\" alt=\"\" title=\"imgp4758-s\" width=\"600\" height=\"333\" class=\"size-large wp-image-390\" srcset=\"https:\/\/truckle.in-chemnitz.de\/wordpress\/wp-content\/uploads\/2012\/06\/imgp4758-s-600x333.jpg 600w, https:\/\/truckle.in-chemnitz.de\/wordpress\/wp-content\/uploads\/2012\/06\/imgp4758-s-270x150.jpg 270w, https:\/\/truckle.in-chemnitz.de\/wordpress\/wp-content\/uploads\/2012\/06\/imgp4758-s.jpg 1024w\" sizes=\"auto, (max-width: 600px) 100vw, 600px\" \/><\/a><figcaption id=\"caption-attachment-390\" class=\"wp-caption-text\">Auf der F\u00e4hre<\/figcaption><\/figure>\n<p>Auf der <a href=\"http:\/\/de.wikipedia.org\/wiki\/Cres\" target=\"_blank\">Insel Cres<\/a> ging es ab F\u00e4hrhafen Porozina 11km lang mit ca. 6..8% bergauf. Eigentlich kein Ding, aber ob der Hitze und der schon bew\u00e4ltigten H\u00f6henmeter war das unerwartet anstrengend. Die Landschaft auf Cres ist extrem, karg und staubtrocken, nur Steine und dorniges Gestr\u00fcpp. Am h\u00f6chsten Punkt des Anstiegs kreisten Geier \u00fcber uns.<\/p>\n<p><figure id=\"attachment_392\" aria-describedby=\"caption-attachment-392\" style=\"width: 270px\" class=\"wp-caption alignleft\"><a href=\"http:\/\/truckle.in-chemnitz.de\/wordpress\/wp-content\/uploads\/2012\/06\/imgp4764-s.jpg\"><img loading=\"lazy\" decoding=\"async\" src=\"http:\/\/truckle.in-chemnitz.de\/wordpress\/wp-content\/uploads\/2012\/06\/imgp4764-s-270x202.jpg\" alt=\"\" title=\"imgp4764-s\" width=\"270\" height=\"202\" class=\"size-medium wp-image-392\" srcset=\"https:\/\/truckle.in-chemnitz.de\/wordpress\/wp-content\/uploads\/2012\/06\/imgp4764-s-270x202.jpg 270w, https:\/\/truckle.in-chemnitz.de\/wordpress\/wp-content\/uploads\/2012\/06\/imgp4764-s-600x450.jpg 600w, https:\/\/truckle.in-chemnitz.de\/wordpress\/wp-content\/uploads\/2012\/06\/imgp4764-s.jpg 1024w\" sizes=\"auto, (max-width: 270px) 100vw, 270px\" \/><\/a><figcaption id=\"caption-attachment-392\" class=\"wp-caption-text\">G\u00e4nsegeier \u00fcber Cres<\/figcaption><\/figure><figure id=\"attachment_393\" aria-describedby=\"caption-attachment-393\" style=\"width: 270px\" class=\"wp-caption alignleft\"><a href=\"http:\/\/truckle.in-chemnitz.de\/wordpress\/wp-content\/uploads\/2012\/06\/img_2922-s.jpg\"><img loading=\"lazy\" decoding=\"async\" src=\"http:\/\/truckle.in-chemnitz.de\/wordpress\/wp-content\/uploads\/2012\/06\/img_2922-s-270x202.jpg\" alt=\"\" title=\"img_2922-s\" width=\"270\" height=\"202\" class=\"size-medium wp-image-393\" srcset=\"https:\/\/truckle.in-chemnitz.de\/wordpress\/wp-content\/uploads\/2012\/06\/img_2922-s-270x202.jpg 270w, https:\/\/truckle.in-chemnitz.de\/wordpress\/wp-content\/uploads\/2012\/06\/img_2922-s-600x450.jpg 600w, https:\/\/truckle.in-chemnitz.de\/wordpress\/wp-content\/uploads\/2012\/06\/img_2922-s.jpg 1024w\" sizes=\"auto, (max-width: 270px) 100vw, 270px\" \/><\/a><figcaption id=\"caption-attachment-393\" class=\"wp-caption-text\">1000km<\/figcaption><\/figure><\/p>\n<p>Nach einer Pause zum obligatorischen 1000km-Foto ging es weiter st\u00e4ndig auf und ab. Dabei ergab sich hier und da ein beeindruckender Blick auf das Meer, weitere Inseln und die Berge ringsum. Schlie\u00dflich brachte uns eine l\u00e4ngere Abfahrt hinab in den schmucken <a href=\"http:\/\/www.mein-kroatien.info\/Cres\" target=\"_blank\">Ort Cres<\/a>. Wir umrundeten den Bootshafen und lie\u00dfen uns Pizza und Eis schmecken.<\/p>\n<figure id=\"attachment_396\" aria-describedby=\"caption-attachment-396\" style=\"width: 600px\" class=\"wp-caption alignnone\"><a href=\"http:\/\/truckle.in-chemnitz.de\/wordpress\/wp-content\/uploads\/2012\/06\/img_2948-s.jpg\"><img loading=\"lazy\" decoding=\"async\" src=\"http:\/\/truckle.in-chemnitz.de\/wordpress\/wp-content\/uploads\/2012\/06\/img_2948-s-600x450.jpg\" alt=\"\" title=\"img_2948-s\" width=\"600\" height=\"450\" class=\"size-large wp-image-396\" srcset=\"https:\/\/truckle.in-chemnitz.de\/wordpress\/wp-content\/uploads\/2012\/06\/img_2948-s-600x450.jpg 600w, https:\/\/truckle.in-chemnitz.de\/wordpress\/wp-content\/uploads\/2012\/06\/img_2948-s-270x202.jpg 270w, https:\/\/truckle.in-chemnitz.de\/wordpress\/wp-content\/uploads\/2012\/06\/img_2948-s.jpg 1024w\" sizes=\"auto, (max-width: 600px) 100vw, 600px\" \/><\/a><figcaption id=\"caption-attachment-396\" class=\"wp-caption-text\">Ort und Hafen Cres<\/figcaption><\/figure>\n<p>Danach fuhren wir gleich wieder eine halbe Ewigkeit bergauf. Den <a href=\"http:\/\/www.mein-kroatien.info\/Vransko_jezero_auf_Cres\" target=\"_blank\">Vrana-See<\/a> bekamen wir leider nur kurz und aus einer wenig beeindruckenden Perspektive zu sehen. Wir h\u00e4tten dort vielleicht etwas Zeit in einen Abstecher zu einem besseren Aussichtspunkt investieren sollen, waren dazu aber zu geschlaucht.<\/p>\n<p><figure id=\"attachment_394\" aria-describedby=\"caption-attachment-394\" style=\"width: 270px\" class=\"wp-caption alignleft\"><a href=\"http:\/\/truckle.in-chemnitz.de\/wordpress\/wp-content\/uploads\/2012\/06\/img_2924-s.jpg\"><img loading=\"lazy\" decoding=\"async\" src=\"http:\/\/truckle.in-chemnitz.de\/wordpress\/wp-content\/uploads\/2012\/06\/img_2924-s-270x202.jpg\" alt=\"\" title=\"img_2924-s\" width=\"270\" height=\"202\" class=\"size-medium wp-image-394\" srcset=\"https:\/\/truckle.in-chemnitz.de\/wordpress\/wp-content\/uploads\/2012\/06\/img_2924-s-270x202.jpg 270w, https:\/\/truckle.in-chemnitz.de\/wordpress\/wp-content\/uploads\/2012\/06\/img_2924-s-600x450.jpg 600w, https:\/\/truckle.in-chemnitz.de\/wordpress\/wp-content\/uploads\/2012\/06\/img_2924-s.jpg 1024w\" sizes=\"auto, (max-width: 270px) 100vw, 270px\" \/><\/a><figcaption id=\"caption-attachment-394\" class=\"wp-caption-text\">Kvarner Bucht<\/figcaption><\/figure><figure id=\"attachment_395\" aria-describedby=\"caption-attachment-395\" style=\"width: 270px\" class=\"wp-caption alignleft\"><a href=\"http:\/\/truckle.in-chemnitz.de\/wordpress\/wp-content\/uploads\/2012\/06\/imgp4768-s.jpg\"><img loading=\"lazy\" decoding=\"async\" src=\"http:\/\/truckle.in-chemnitz.de\/wordpress\/wp-content\/uploads\/2012\/06\/imgp4768-s-270x202.jpg\" alt=\"\" title=\"imgp4768-s\" width=\"270\" height=\"202\" class=\"size-medium wp-image-395\" srcset=\"https:\/\/truckle.in-chemnitz.de\/wordpress\/wp-content\/uploads\/2012\/06\/imgp4768-s-270x202.jpg 270w, https:\/\/truckle.in-chemnitz.de\/wordpress\/wp-content\/uploads\/2012\/06\/imgp4768-s-600x450.jpg 600w, https:\/\/truckle.in-chemnitz.de\/wordpress\/wp-content\/uploads\/2012\/06\/imgp4768-s.jpg 1024w\" sizes=\"auto, (max-width: 270px) 100vw, 270px\" \/><\/a><figcaption id=\"caption-attachment-395\" class=\"wp-caption-text\">Blaue Adria<\/figcaption><\/figure><\/p>\n<p>Schlie\u00dflich brachte uns eine lange Abfahrt hinab nach <a href=\"http:\/\/www.insel-cres.net\/de\/osor.htm\" target=\"_blank\">Osor<\/a>, einem kleinen Ort am \u00dcbergang von der Insel Cres nach Lo\u0161inj. Alte Bausubstanz, malerische Gassen und das von zwei Seiten heranpl\u00e4tschernde Meer geben dem \u00d6rtchen einen ganz eigenen Charme.<\/p>\n<p><figure id=\"attachment_397\" aria-describedby=\"caption-attachment-397\" style=\"width: 270px\" class=\"wp-caption alignleft\"><a href=\"http:\/\/truckle.in-chemnitz.de\/wordpress\/wp-content\/uploads\/2012\/06\/imgp4772-s.jpg\"><img loading=\"lazy\" decoding=\"async\" src=\"http:\/\/truckle.in-chemnitz.de\/wordpress\/wp-content\/uploads\/2012\/06\/imgp4772-s-270x202.jpg\" alt=\"\" title=\"imgp4772-s\" width=\"270\" height=\"202\" class=\"size-medium wp-image-397\" srcset=\"https:\/\/truckle.in-chemnitz.de\/wordpress\/wp-content\/uploads\/2012\/06\/imgp4772-s-270x202.jpg 270w, https:\/\/truckle.in-chemnitz.de\/wordpress\/wp-content\/uploads\/2012\/06\/imgp4772-s-600x450.jpg 600w, https:\/\/truckle.in-chemnitz.de\/wordpress\/wp-content\/uploads\/2012\/06\/imgp4772-s.jpg 1024w\" sizes=\"auto, (max-width: 270px) 100vw, 270px\" \/><\/a><figcaption id=\"caption-attachment-397\" class=\"wp-caption-text\">Osor<\/figcaption><\/figure><figure id=\"attachment_398\" aria-describedby=\"caption-attachment-398\" style=\"width: 270px\" class=\"wp-caption alignleft\"><a href=\"http:\/\/truckle.in-chemnitz.de\/wordpress\/wp-content\/uploads\/2012\/06\/imgp4792-s.jpg\"><img loading=\"lazy\" decoding=\"async\" src=\"http:\/\/truckle.in-chemnitz.de\/wordpress\/wp-content\/uploads\/2012\/06\/imgp4792-s-270x202.jpg\" alt=\"\" title=\"imgp4792-s\" width=\"270\" height=\"202\" class=\"size-medium wp-image-398\" srcset=\"https:\/\/truckle.in-chemnitz.de\/wordpress\/wp-content\/uploads\/2012\/06\/imgp4792-s-270x202.jpg 270w, https:\/\/truckle.in-chemnitz.de\/wordpress\/wp-content\/uploads\/2012\/06\/imgp4792-s-600x450.jpg 600w, https:\/\/truckle.in-chemnitz.de\/wordpress\/wp-content\/uploads\/2012\/06\/imgp4792-s.jpg 1024w\" sizes=\"auto, (max-width: 270px) 100vw, 270px\" \/><\/a><figcaption id=\"caption-attachment-398\" class=\"wp-caption-text\">Gasse in Osor<\/figcaption><\/figure><\/p>\n<p>In&nbsp;einer unscheinbaren Seitengasse kamen wir in einer zum gem\u00fctlichen Freiluftrestaurant &#8222;Buffet Osor&#8220; geh\u00f6renden Pension unter. Das Zimmer war recht spartanisch, daf\u00fcr auch ziemlich preiswert. Der Besitzer erwies sich als freundlicher und redseliger Gastgeber. Wir halfen ihm bei einem kleinen Computerproblemchen, er revanchierte sich mit einem Freigetr\u00e4nk zu einem gro\u00dfen 4-g\u00e4ngigen Fischmen\u00fc der allerleckersten Sorte.<\/p>\n<p><figure id=\"attachment_399\" aria-describedby=\"caption-attachment-399\" style=\"width: 270px\" class=\"wp-caption alignleft\"><a href=\"http:\/\/truckle.in-chemnitz.de\/wordpress\/wp-content\/uploads\/2012\/06\/imgp4808-s.jpg\"><img loading=\"lazy\" decoding=\"async\" src=\"http:\/\/truckle.in-chemnitz.de\/wordpress\/wp-content\/uploads\/2012\/06\/imgp4808-s-270x202.jpg\" alt=\"\" title=\"imgp4808-s\" width=\"270\" height=\"202\" class=\"size-medium wp-image-399\" srcset=\"https:\/\/truckle.in-chemnitz.de\/wordpress\/wp-content\/uploads\/2012\/06\/imgp4808-s-270x202.jpg 270w, https:\/\/truckle.in-chemnitz.de\/wordpress\/wp-content\/uploads\/2012\/06\/imgp4808-s-600x450.jpg 600w, https:\/\/truckle.in-chemnitz.de\/wordpress\/wp-content\/uploads\/2012\/06\/imgp4808-s.jpg 1024w\" sizes=\"auto, (max-width: 270px) 100vw, 270px\" \/><\/a><figcaption id=\"caption-attachment-399\" class=\"wp-caption-text\">Buffet Osor<\/figcaption><\/figure><figure id=\"attachment_401\" aria-describedby=\"caption-attachment-401\" style=\"width: 270px\" class=\"wp-caption alignleft\"><a href=\"http:\/\/truckle.in-chemnitz.de\/wordpress\/wp-content\/uploads\/2012\/06\/imgp4788-s.jpg\"><img loading=\"lazy\" decoding=\"async\" src=\"http:\/\/truckle.in-chemnitz.de\/wordpress\/wp-content\/uploads\/2012\/06\/imgp4788-s-270x202.jpg\" alt=\"\" title=\"imgp4788-s\" width=\"270\" height=\"202\" class=\"size-medium wp-image-401\" srcset=\"https:\/\/truckle.in-chemnitz.de\/wordpress\/wp-content\/uploads\/2012\/06\/imgp4788-s-270x202.jpg 270w, https:\/\/truckle.in-chemnitz.de\/wordpress\/wp-content\/uploads\/2012\/06\/imgp4788-s-600x450.jpg 600w, https:\/\/truckle.in-chemnitz.de\/wordpress\/wp-content\/uploads\/2012\/06\/imgp4788-s.jpg 1024w\" sizes=\"auto, (max-width: 270px) 100vw, 270px\" \/><\/a><figcaption id=\"caption-attachment-401\" class=\"wp-caption-text\">Osor Hafen<\/figcaption><\/figure><\/p>\n<p><a href=\"http:\/\/truckle.in-chemnitz.de\/gps\/GPSDATA-20100609_s-osm.html\" target=\"_blank\">Karte<\/a><\/p>\n<figure id=\"attachment_405\" aria-describedby=\"caption-attachment-405\" style=\"width: 600px\" class=\"wp-caption alignnone\"><a href=\"http:\/\/truckle.in-chemnitz.de\/wordpress\/wp-content\/uploads\/2012\/06\/GPSDATA-20100609-profile.png\"><img loading=\"lazy\" decoding=\"async\" src=\"http:\/\/truckle.in-chemnitz.de\/wordpress\/wp-content\/uploads\/2012\/06\/GPSDATA-20100609-profile-600x253.png\" alt=\"\" title=\"GPSDATA-20100609-profile\" width=\"600\" height=\"253\" class=\"size-large wp-image-405\" srcset=\"https:\/\/truckle.in-chemnitz.de\/wordpress\/wp-content\/uploads\/2012\/06\/GPSDATA-20100609-profile-600x253.png 600w, https:\/\/truckle.in-chemnitz.de\/wordpress\/wp-content\/uploads\/2012\/06\/GPSDATA-20100609-profile-270x114.png 270w, https:\/\/truckle.in-chemnitz.de\/wordpress\/wp-content\/uploads\/2012\/06\/GPSDATA-20100609-profile.png 900w\" sizes=\"auto, (max-width: 600px) 100vw, 600px\" \/><\/a><figcaption id=\"caption-attachment-405\" class=\"wp-caption-text\">H\u00f6henprofil<\/figcaption><\/figure>\n<p><a href=\"..\/kroatien-2010-8-tag\">Weiter<\/a><\/p>\n","protected":false},"excerpt":{"rendered":"<p>09.06.2010 Buzet (HR) &#8212; Osor (HR) (127km) Gesamt: 1049km Wir starteten gegen 8:00 bei wundersch\u00f6nem Wetter. Gleich zu Anfang fragten wir jemanden in Buzet nach dem Weg und fanden so schnell die richtige Abfahrt vom Berg runter. Nach kr\u00e4ftigen Anstieg auf der Gegenseite bogen wir nach links bergab Richtung Pengari ab. Dort erwartete uns allerdings &hellip; <a href=\"https:\/\/truckle.in-chemnitz.de\/wordpress\/radtouren\/kroatien-2010\/kroatien-2010-7-tag\/\" class=\"more-link\"><span class=\"screen-reader-text\">Kroatien-2010 7.Tag<\/span> weiterlesen <span class=\"meta-nav\">&rarr;<\/span><\/a><\/p>\n","protected":false},"author":1,"featured_media":0,"parent":150,"menu_order":0,"comment_status":"open","ping_status":"open","template":"","meta":{"footnotes":""},"class_list":["post-380","page","type-page","status-publish","hentry"],"_links":{"self":[{"href":"https:\/\/truckle.in-chemnitz.de\/wordpress\/wp-json\/wp\/v2\/pages\/380","targetHints":{"allow":["GET"]}}],"collection":[{"href":"https:\/\/truckle.in-chemnitz.de\/wordpress\/wp-json\/wp\/v2\/pages"}],"about":[{"href":"https:\/\/truckle.in-chemnitz.de\/wordpress\/wp-json\/wp\/v2\/types\/page"}],"author":[{"embeddable":true,"href":"https:\/\/truckle.in-chemnitz.de\/wordpress\/wp-json\/wp\/v2\/users\/1"}],"replies":[{"embeddable":true,"href":"https:\/\/truckle.in-chemnitz.de\/wordpress\/wp-json\/wp\/v2\/comments?post=380"}],"version-history":[{"count":13,"href":"https:\/\/truckle.in-chemnitz.de\/wordpress\/wp-json\/wp\/v2\/pages\/380\/revisions"}],"predecessor-version":[{"id":642,"href":"https:\/\/truckle.in-chemnitz.de\/wordpress\/wp-json\/wp\/v2\/pages\/380\/revisions\/642"}],"up":[{"embeddable":true,"href":"https:\/\/truckle.in-chemnitz.de\/wordpress\/wp-json\/wp\/v2\/pages\/150"}],"wp:attachment":[{"href":"https:\/\/truckle.in-chemnitz.de\/wordpress\/wp-json\/wp\/v2\/media?parent=380"}],"curies":[{"name":"wp","href":"https:\/\/api.w.org\/{rel}","templated":true}]}}