{"id":422,"date":"2012-06-03T16:11:31","date_gmt":"2012-06-03T14:11:31","guid":{"rendered":"http:\/\/truckle.in-chemnitz.de\/wordpress\/?page_id=422"},"modified":"2012-06-12T03:01:20","modified_gmt":"2012-06-12T01:01:20","slug":"kroatien-2010-9-tag","status":"publish","type":"page","link":"https:\/\/truckle.in-chemnitz.de\/wordpress\/radtouren\/kroatien-2010\/kroatien-2010-9-tag\/","title":{"rendered":"Kroatien-2010 9.Tag"},"content":{"rendered":"<p><strong>11.06.2010 Osor (HR) &#8212; Trp\u010dane (SI) (137km) Gesamt: 1243km<\/strong><\/p>\n<p>Wir starteten gegen 8:00. Bereits zu dieser Morgenstunde breitete sich eine Gluthitze \u00fcber die Insel Cres aus. Das uns schon bekannte bergauf-bergab verlangte uns daher einiges ab.<\/p>\n<p><figure id=\"attachment_434\" aria-describedby=\"caption-attachment-434\" style=\"width: 270px\" class=\"wp-caption alignleft\"><a href=\"http:\/\/truckle.in-chemnitz.de\/wordpress\/wp-content\/uploads\/2012\/06\/imgp4811-s.jpg\"><img loading=\"lazy\" decoding=\"async\" src=\"http:\/\/truckle.in-chemnitz.de\/wordpress\/wp-content\/uploads\/2012\/06\/imgp4811-s-270x202.jpg\" alt=\"\" title=\"imgp4811-s\" width=\"270\" height=\"202\" class=\"size-medium wp-image-434\" srcset=\"https:\/\/truckle.in-chemnitz.de\/wordpress\/wp-content\/uploads\/2012\/06\/imgp4811-s-270x202.jpg 270w, https:\/\/truckle.in-chemnitz.de\/wordpress\/wp-content\/uploads\/2012\/06\/imgp4811-s-600x450.jpg 600w, https:\/\/truckle.in-chemnitz.de\/wordpress\/wp-content\/uploads\/2012\/06\/imgp4811-s.jpg 1024w\" sizes=\"auto, (max-width: 270px) 100vw, 270px\" \/><\/a><figcaption id=\"caption-attachment-434\" class=\"wp-caption-text\">Buffet Osor<\/figcaption><\/figure><figure id=\"attachment_435\" aria-describedby=\"caption-attachment-435\" style=\"width: 270px\" class=\"wp-caption alignleft\"><a href=\"http:\/\/truckle.in-chemnitz.de\/wordpress\/wp-content\/uploads\/2012\/06\/imgp4812-s.jpg\"><img loading=\"lazy\" decoding=\"async\" src=\"http:\/\/truckle.in-chemnitz.de\/wordpress\/wp-content\/uploads\/2012\/06\/imgp4812-s-270x202.jpg\" alt=\"\" title=\"imgp4812-s\" width=\"270\" height=\"202\" class=\"size-medium wp-image-435\" srcset=\"https:\/\/truckle.in-chemnitz.de\/wordpress\/wp-content\/uploads\/2012\/06\/imgp4812-s-270x202.jpg 270w, https:\/\/truckle.in-chemnitz.de\/wordpress\/wp-content\/uploads\/2012\/06\/imgp4812-s-600x450.jpg 600w, https:\/\/truckle.in-chemnitz.de\/wordpress\/wp-content\/uploads\/2012\/06\/imgp4812-s.jpg 1024w\" sizes=\"auto, (max-width: 270px) 100vw, 270px\" \/><\/a><figcaption id=\"caption-attachment-435\" class=\"wp-caption-text\">Noch ein Blick auf Cres<\/figcaption><\/figure><\/p>\n<p>Die F\u00e4hre von Merag nach Valbinska und damit auf die Insel Krk haben wir gerade noch erreicht. Bei Ankunft der F\u00e4hre schwatzten wir mit einem \u00e4lteren Ehepaar, die auch mit ordentlich beladenen  R\u00e4dern unterwegs waren. Kurz darauf bemerkte Frank, dass er sich einen Dorn eingefahren haate und der Hinterreifen platt war. Dieser wurde nat\u00fcrlich sofort geflickt und auf ging&#8217;s \u00fcber die Insel Krk.<\/p>\n<p><figure id=\"attachment_437\" aria-describedby=\"caption-attachment-437\" style=\"width: 270px\" class=\"wp-caption alignleft\"><a href=\"http:\/\/truckle.in-chemnitz.de\/wordpress\/wp-content\/uploads\/2012\/06\/imgp4813-s.jpg\"><img loading=\"lazy\" decoding=\"async\" src=\"http:\/\/truckle.in-chemnitz.de\/wordpress\/wp-content\/uploads\/2012\/06\/imgp4813-s-270x202.jpg\" alt=\"\" title=\"imgp4813-s\" width=\"270\" height=\"202\" class=\"size-medium wp-image-437\" srcset=\"https:\/\/truckle.in-chemnitz.de\/wordpress\/wp-content\/uploads\/2012\/06\/imgp4813-s-270x202.jpg 270w, https:\/\/truckle.in-chemnitz.de\/wordpress\/wp-content\/uploads\/2012\/06\/imgp4813-s-600x450.jpg 600w, https:\/\/truckle.in-chemnitz.de\/wordpress\/wp-content\/uploads\/2012\/06\/imgp4813-s.jpg 1024w\" sizes=\"auto, (max-width: 270px) 100vw, 270px\" \/><\/a><figcaption id=\"caption-attachment-437\" class=\"wp-caption-text\">Hartlaubgew\u00e4chse und Steine<\/figcaption><\/figure><figure id=\"attachment_436\" aria-describedby=\"caption-attachment-436\" style=\"width: 270px\" class=\"wp-caption alignleft\"><a href=\"http:\/\/truckle.in-chemnitz.de\/wordpress\/wp-content\/uploads\/2012\/06\/imgp4815-s.jpg\"><img loading=\"lazy\" decoding=\"async\" src=\"http:\/\/truckle.in-chemnitz.de\/wordpress\/wp-content\/uploads\/2012\/06\/imgp4815-s-270x202.jpg\" alt=\"\" title=\"imgp4815-s\" width=\"270\" height=\"202\" class=\"size-medium wp-image-436\" srcset=\"https:\/\/truckle.in-chemnitz.de\/wordpress\/wp-content\/uploads\/2012\/06\/imgp4815-s-270x202.jpg 270w, https:\/\/truckle.in-chemnitz.de\/wordpress\/wp-content\/uploads\/2012\/06\/imgp4815-s-600x450.jpg 600w, https:\/\/truckle.in-chemnitz.de\/wordpress\/wp-content\/uploads\/2012\/06\/imgp4815-s.jpg 1024w\" sizes=\"auto, (max-width: 270px) 100vw, 270px\" \/><\/a><figcaption id=\"caption-attachment-436\" class=\"wp-caption-text\">F\u00e4hre nach Krk<\/figcaption><\/figure><\/p>\n<p>Die wohl einzige durchgehende Stra\u00dfe auf Krk erwies sich als sehr verkehrsreich, so dass wir ziemlich gestresst an der Tito-Br\u00fccke aufs Festland ankamen. Kurz nach der Br\u00fccke, bei km 82, legten wir eine Mittagspause in Kraljevica ein. Das hatte auch den angenehmen Nebeneffekt, dem Mordsverkehr auf der Fernverkehrsstra\u00dfe nach Rijeka wenigstens kurzzeitig entfliehen zu k\u00f6nnen.<\/p>\n<figure id=\"attachment_438\" aria-describedby=\"caption-attachment-438\" style=\"width: 600px\" class=\"wp-caption alignnone\"><a href=\"http:\/\/truckle.in-chemnitz.de\/wordpress\/wp-content\/uploads\/2012\/06\/img_2952-s.jpg\"><img loading=\"lazy\" decoding=\"async\" src=\"http:\/\/truckle.in-chemnitz.de\/wordpress\/wp-content\/uploads\/2012\/06\/img_2952-s-600x450.jpg\" alt=\"\" title=\"img_2952-s\" width=\"600\" height=\"450\" class=\"size-large wp-image-438\" srcset=\"https:\/\/truckle.in-chemnitz.de\/wordpress\/wp-content\/uploads\/2012\/06\/img_2952-s-600x450.jpg 600w, https:\/\/truckle.in-chemnitz.de\/wordpress\/wp-content\/uploads\/2012\/06\/img_2952-s-270x202.jpg 270w, https:\/\/truckle.in-chemnitz.de\/wordpress\/wp-content\/uploads\/2012\/06\/img_2952-s.jpg 1024w\" sizes=\"auto, (max-width: 600px) 100vw, 600px\" \/><\/a><figcaption id=\"caption-attachment-438\" class=\"wp-caption-text\">Br\u00fccke aufs Festland<\/figcaption><\/figure>\n<p>In Rijeka konnten wir uns mangels besseren Kartenmaterials nur grob orientieren, fuhren erst ins Zentrum und dann eine kurvige Stra\u00dfe hoch. Unterwegs haben wir in einem Stra\u00dfencaf\u00e9 angehalten, zwei Bierchen getrunken, dabei das Er\u00f6ffnungsspiel der Fu\u00dfball-WM angesehen und uns nach dem Weg erkundigt.<\/p>\n<p>Wir hatten diesmal Gl\u00fcck, waren genau richtig und gelangten so, ununterbrochen bergauf strampelnd bis zur slowenischen Grenze. Im vorletzten kroatischen Ort \u00fcberkam Falk erneut Bierdurst, die einzige Kneipe war aber gerade durch eine Feierlichkeit belegt und wir mochten uns da nicht dazwischendr\u00e4ngeln. Wasser und ein M\u00fcsliriegel haben dann schlie\u00dflich auch den heraufziehenden Hungerast besiegt.<\/p>\n<p>Wir sind \u00fcber einen Waldweg ohne Schranke oder \u00e4hnliches nach Slowenien hinuntergefahren. Soviel zur Einreise \u00fcber die angeblich gut gesicherte EU-Au\u00dfengrenze. Uns war das nat\u00fcrlich durchaus Recht.<\/p>\n<p>Im kleinen Ort Trp\u010dane erblickten wir eine Pension. Diese erwies sich als Gl\u00fccksgriff, wir bekamen eine riesige Ferienwohnung, alles tip-top in Ordnung. Die Wirtin wollte uns noch warnen und erz\u00e4hlte, es k\u00f6nnte an dem Abend etwas schwierig mit dem Einschlafen werden, es f\u00e4nde ein Rockfestival statt.<\/p>\n<figure id=\"attachment_439\" aria-describedby=\"caption-attachment-439\" style=\"width: 270px\" class=\"wp-caption alignleft\"><a href=\"http:\/\/truckle.in-chemnitz.de\/wordpress\/wp-content\/uploads\/2012\/06\/imgp4817-s.jpg\"><img loading=\"lazy\" decoding=\"async\" src=\"http:\/\/truckle.in-chemnitz.de\/wordpress\/wp-content\/uploads\/2012\/06\/imgp4817-s-270x202.jpg\" alt=\"\" title=\"imgp4817-s\" width=\"270\" height=\"202\" class=\"size-medium wp-image-439\" srcset=\"https:\/\/truckle.in-chemnitz.de\/wordpress\/wp-content\/uploads\/2012\/06\/imgp4817-s-270x202.jpg 270w, https:\/\/truckle.in-chemnitz.de\/wordpress\/wp-content\/uploads\/2012\/06\/imgp4817-s-600x450.jpg 600w, https:\/\/truckle.in-chemnitz.de\/wordpress\/wp-content\/uploads\/2012\/06\/imgp4817-s.jpg 1024w\" sizes=\"auto, (max-width: 270px) 100vw, 270px\" \/><\/a><figcaption id=\"caption-attachment-439\" class=\"wp-caption-text\">Pension in Trp\u010dane<\/figcaption><\/figure>\n<p>Als Freunde einer guten Mugge sind wir dort nat\u00fcrlich hingegangen. Zuerst gab&#8217;s Klassiker \u00e1 la ACDC, Deep Puprle und Led Zepellin aus der Konserve. Wir haben dabei lange mit Anna aus Trp\u010dane geschwatzt, danke f\u00fcr den sch\u00f6nen Abend. Sp\u00e4ter spielten mehrere lokale Bands, meist einen geradlinigen Rock und nach unserem Eindruck ziemlich gut.<\/p>\n<p>Am n\u00e4chsten morgen erwartete uns dann noch eine positive \u00dcberraschung: F\u00fcr \u00dcbernachtung, Fr\u00fchst\u00fcck und die zwei Bier vom vorabend bezahlten wir gerade mal 20&nbsp;EUR, zusammen wohlgemerkt.<\/p>\n<p><a href=\"\/gps\/GPSDATA-20100611_s-osm.html\" target=\"_blank\">Karte<\/a><\/p>\n<figure id=\"attachment_441\" aria-describedby=\"caption-attachment-441\" style=\"width: 600px\" class=\"wp-caption alignnone\"><a href=\"http:\/\/truckle.in-chemnitz.de\/wordpress\/wp-content\/uploads\/2012\/06\/GPSDATA-20100611-profile.png\"><img loading=\"lazy\" decoding=\"async\" src=\"http:\/\/truckle.in-chemnitz.de\/wordpress\/wp-content\/uploads\/2012\/06\/GPSDATA-20100611-profile-600x253.png\" alt=\"\" title=\"GPSDATA-20100611-profile\" width=\"600\" height=\"253\" class=\"size-large wp-image-441\" srcset=\"https:\/\/truckle.in-chemnitz.de\/wordpress\/wp-content\/uploads\/2012\/06\/GPSDATA-20100611-profile-600x253.png 600w, https:\/\/truckle.in-chemnitz.de\/wordpress\/wp-content\/uploads\/2012\/06\/GPSDATA-20100611-profile-270x114.png 270w, https:\/\/truckle.in-chemnitz.de\/wordpress\/wp-content\/uploads\/2012\/06\/GPSDATA-20100611-profile.png 900w\" sizes=\"auto, (max-width: 600px) 100vw, 600px\" \/><\/a><figcaption id=\"caption-attachment-441\" class=\"wp-caption-text\">H\u00f6henprofil<\/figcaption><\/figure>\n<p><a href=\"..\/kroatien-2010-10-tag\">Weiter<\/a><\/p>\n","protected":false},"excerpt":{"rendered":"<p>11.06.2010 Osor (HR) &#8212; Trp\u010dane (SI) (137km) Gesamt: 1243km Wir starteten gegen 8:00. Bereits zu dieser Morgenstunde breitete sich eine Gluthitze \u00fcber die Insel Cres aus. Das uns schon bekannte bergauf-bergab verlangte uns daher einiges ab. Die F\u00e4hre von Merag nach Valbinska und damit auf die Insel Krk haben wir gerade noch erreicht. Bei Ankunft &hellip; <a href=\"https:\/\/truckle.in-chemnitz.de\/wordpress\/radtouren\/kroatien-2010\/kroatien-2010-9-tag\/\" class=\"more-link\"><span class=\"screen-reader-text\">Kroatien-2010 9.Tag<\/span> weiterlesen <span class=\"meta-nav\">&rarr;<\/span><\/a><\/p>\n","protected":false},"author":1,"featured_media":0,"parent":150,"menu_order":0,"comment_status":"open","ping_status":"open","template":"","meta":{"footnotes":""},"class_list":["post-422","page","type-page","status-publish","hentry"],"_links":{"self":[{"href":"https:\/\/truckle.in-chemnitz.de\/wordpress\/wp-json\/wp\/v2\/pages\/422","targetHints":{"allow":["GET"]}}],"collection":[{"href":"https:\/\/truckle.in-chemnitz.de\/wordpress\/wp-json\/wp\/v2\/pages"}],"about":[{"href":"https:\/\/truckle.in-chemnitz.de\/wordpress\/wp-json\/wp\/v2\/types\/page"}],"author":[{"embeddable":true,"href":"https:\/\/truckle.in-chemnitz.de\/wordpress\/wp-json\/wp\/v2\/users\/1"}],"replies":[{"embeddable":true,"href":"https:\/\/truckle.in-chemnitz.de\/wordpress\/wp-json\/wp\/v2\/comments?post=422"}],"version-history":[{"count":9,"href":"https:\/\/truckle.in-chemnitz.de\/wordpress\/wp-json\/wp\/v2\/pages\/422\/revisions"}],"predecessor-version":[{"id":644,"href":"https:\/\/truckle.in-chemnitz.de\/wordpress\/wp-json\/wp\/v2\/pages\/422\/revisions\/644"}],"up":[{"embeddable":true,"href":"https:\/\/truckle.in-chemnitz.de\/wordpress\/wp-json\/wp\/v2\/pages\/150"}],"wp:attachment":[{"href":"https:\/\/truckle.in-chemnitz.de\/wordpress\/wp-json\/wp\/v2\/media?parent=422"}],"curies":[{"name":"wp","href":"https:\/\/api.w.org\/{rel}","templated":true}]}}